{"id":357,"date":"2021-05-19T11:24:42","date_gmt":"2021-05-19T11:24:42","guid":{"rendered":"https:\/\/ws168.juntadeandalucia.es\/iaap\/codigo-conducta-tic\/?page_id=357"},"modified":"2026-04-15T11:29:16","modified_gmt":"2026-04-15T11:29:16","slug":"seguridad","status":"publish","type":"page","link":"https:\/\/ws168.juntadeandalucia.es\/iaap\/codigo-conducta-tic\/seguridad\/","title":{"rendered":"<!--Seguridad-->"},"content":{"rendered":"<h2>C\u00f3digo de Conducta<\/h2>\n<p>V. Seguridad<\/p>\n<p><a>15. Pol\u00edtica de seguridad<\/a><\/p>\n<p>Los profesionales deber\u00e1n conocer y cumplir la pol\u00edtica de seguridad de las tecnolog\u00edas de la informaci\u00f3n y la comunicaci\u00f3n aplicable en su Consejer\u00eda o Agencia, as\u00ed como los instrumentos que la desarrollen.<\/p>\n<p><a>16. Contrase\u00f1as<\/a><\/p>\n<p><strong>16.1.<\/strong> Las contrase\u00f1as son de car\u00e1cter secreto. Los profesionales:<\/p>\n<p style=\"padding-left: 40px;\"><strong>a)<\/strong> No las revelar\u00e1n por ning\u00fan medio, con la salvedad de lo que se dispone en el art\u00edculo de este C\u00f3digo relativo al fin del desempe\u00f1o de las funciones.<\/p>\n<p style=\"padding-left: 40px;\"><strong>b)<\/strong> Mantendr\u00e1n la privacidad y custodia de los soportes en los cuales, en su caso, guarden las contrase\u00f1as.<\/p>\n<p><strong>16.2.<\/strong> Los profesionales respetar\u00e1n las pol\u00edticas de cambio de contrase\u00f1as, procediendo a su cambio a la mayor brevedad posible cuando sea requerido y respetando las reglas de fortaleza establecidas por el responsable del recurso correspondiente.<\/p>\n<p><strong>16.3.<\/strong> Los profesionales prestar\u00e1n especial cuidado en que no quede su contrase\u00f1a guardada en un dispositivo que no vaya a utilizar, en especial en situaciones de renovaci\u00f3n de equipo, renovaci\u00f3n de tel\u00e9fono m\u00f3vil, traslado o uso temporal o provisional de un equipo.<\/p>\n<p><a>17. Certificados electr\u00f3nicos<\/a><\/p>\n<p><strong>17.1.<\/strong> Los profesionales no instalar\u00e1n ni utilizar\u00e1n certificados electr\u00f3nicos de otras personas.<\/p>\n<p><strong>17.2.<\/strong> Los profesionales prestar\u00e1n especial cuidado en que no quede su certificado electr\u00f3nico alojado en un dispositivo que no vayan a utilizar, en especial en situaciones de renovaci\u00f3n de equipo, renovaci\u00f3n de tel\u00e9fono m\u00f3vil, traslado o uso temporal o provisional de un equipo.<\/p>\n<p><strong>17.3.<\/strong> Si el certificado electr\u00f3nico reside en una tarjeta criptogr\u00e1fica, \u00e9sta deber\u00e1 permanecer siempre bajo custodia del titular del certificado.<\/p>\n<p><a>18. Notificaci\u00f3n de incidencias<\/a><\/p>\n<p><strong>18.1.<\/strong> Los profesionales notificar\u00e1n cualquier incidencia o anomal\u00eda que detecten en el uso de las TIC: p\u00e9rdida o sustracci\u00f3n de informaci\u00f3n o de dispositivos, accesos no autorizados, uso inadecuado de sus credenciales, introducci\u00f3n de c\u00f3digo da\u00f1ino o malicioso, necesidad de recuperaci\u00f3n de datos y, en general, toda situaci\u00f3n que pueda comprometer la seguridad, el buen uso y funcionamiento de los recursos.<\/p>\n<p><strong>18.2.<\/strong> Los profesionales notificar\u00e1n a la mayor brevedad posible al responsable del tratamiento o encargado del tratamiento, en su caso, todas aquellas violaciones o vulnerabilidades de la seguridad que ocasionen la destrucci\u00f3n, p\u00e9rdida o alteraci\u00f3n accidental o il\u00edcita de datos personales as\u00ed como su comunicaci\u00f3n o acceso no autorizados.<\/p>\n<p><strong>18.3.<\/strong> Para lo dispuesto en los apartados anteriores, los profesionales utilizar\u00e1n los medios se\u00f1alados en cada caso por su Consejer\u00eda o Agencia.<\/p>\n<p><a href=\"https:\/\/ws168.juntadeandalucia.es\/iaap\/codigo-conducta-tic\/\"><br \/><img decoding=\"async\" title=\"logo web\" src=\"https:\/\/ws168.juntadeandalucia.es\/iaap\/codigo-conducta-tic\/wp-content\/uploads\/sites\/26\/elementor\/thumbs\/logo-web-p7c6qcr43z5r2brg7g9wubvdmilm2yqx841dpq7tog.png\" alt=\"logo web\" \/> <\/a><\/p>\n<p>\u00a0<\/p>\n\n\n<figure class=\"wp-block-image size-large\"><img loading=\"lazy\" decoding=\"async\" width=\"1024\" height=\"175\" src=\"https:\/\/ws168.juntadeandalucia.es\/iaap\/codigo-conducta-tic\/wp-content\/uploads\/sites\/26\/2026\/04\/Captura-de-pantalla-2026-04-15-a-las-13.23.07-1024x175.png\" alt=\"\" class=\"wp-image-771\" srcset=\"https:\/\/ws168.juntadeandalucia.es\/iaap\/codigo-conducta-tic\/wp-content\/uploads\/sites\/26\/2026\/04\/Captura-de-pantalla-2026-04-15-a-las-13.23.07-1024x175.png 1024w, https:\/\/ws168.juntadeandalucia.es\/iaap\/codigo-conducta-tic\/wp-content\/uploads\/sites\/26\/2026\/04\/Captura-de-pantalla-2026-04-15-a-las-13.23.07-300x51.png 300w, https:\/\/ws168.juntadeandalucia.es\/iaap\/codigo-conducta-tic\/wp-content\/uploads\/sites\/26\/2026\/04\/Captura-de-pantalla-2026-04-15-a-las-13.23.07-768x131.png 768w, https:\/\/ws168.juntadeandalucia.es\/iaap\/codigo-conducta-tic\/wp-content\/uploads\/sites\/26\/2026\/04\/Captura-de-pantalla-2026-04-15-a-las-13.23.07-1536x262.png 1536w, https:\/\/ws168.juntadeandalucia.es\/iaap\/codigo-conducta-tic\/wp-content\/uploads\/sites\/26\/2026\/04\/Captura-de-pantalla-2026-04-15-a-las-13.23.07-1320x225.png 1320w, https:\/\/ws168.juntadeandalucia.es\/iaap\/codigo-conducta-tic\/wp-content\/uploads\/sites\/26\/2026\/04\/Captura-de-pantalla-2026-04-15-a-las-13.23.07.png 1876w\" sizes=\"auto, (max-width: 1024px) 100vw, 1024px\" \/><\/figure>\n","protected":false},"excerpt":{"rendered":"<p>C\u00f3digo de Conducta V. Seguridad 15. Pol\u00edtica de seguridad Los profesionales deber\u00e1n conocer y cumplir la pol\u00edtica de seguridad de las tecnolog\u00edas de la informaci\u00f3n y la comunicaci\u00f3n aplicable en su Consejer\u00eda o Agencia, as\u00ed como los instrumentos que la desarrollen. 16. Contrase\u00f1as 16.1. Las contrase\u00f1as son de car\u00e1cter secreto. Los profesionales: a) No las revelar\u00e1n por ning\u00fan medio, con [&hellip;]<\/p>\n","protected":false},"author":48,"featured_media":0,"parent":0,"menu_order":0,"comment_status":"closed","ping_status":"closed","template":"","meta":{"footnotes":""},"class_list":["post-357","page","type-page","status-publish","hentry"],"_links":{"self":[{"href":"https:\/\/ws168.juntadeandalucia.es\/iaap\/codigo-conducta-tic\/wp-json\/wp\/v2\/pages\/357","targetHints":{"allow":["GET"]}}],"collection":[{"href":"https:\/\/ws168.juntadeandalucia.es\/iaap\/codigo-conducta-tic\/wp-json\/wp\/v2\/pages"}],"about":[{"href":"https:\/\/ws168.juntadeandalucia.es\/iaap\/codigo-conducta-tic\/wp-json\/wp\/v2\/types\/page"}],"author":[{"embeddable":true,"href":"https:\/\/ws168.juntadeandalucia.es\/iaap\/codigo-conducta-tic\/wp-json\/wp\/v2\/users\/48"}],"replies":[{"embeddable":true,"href":"https:\/\/ws168.juntadeandalucia.es\/iaap\/codigo-conducta-tic\/wp-json\/wp\/v2\/comments?post=357"}],"version-history":[{"count":24,"href":"https:\/\/ws168.juntadeandalucia.es\/iaap\/codigo-conducta-tic\/wp-json\/wp\/v2\/pages\/357\/revisions"}],"predecessor-version":[{"id":775,"href":"https:\/\/ws168.juntadeandalucia.es\/iaap\/codigo-conducta-tic\/wp-json\/wp\/v2\/pages\/357\/revisions\/775"}],"wp:attachment":[{"href":"https:\/\/ws168.juntadeandalucia.es\/iaap\/codigo-conducta-tic\/wp-json\/wp\/v2\/media?parent=357"}],"curies":[{"name":"wp","href":"https:\/\/api.w.org\/{rel}","templated":true}]}}