{"id":1998,"date":"2020-02-22T10:37:12","date_gmt":"2020-02-22T10:37:12","guid":{"rendered":"https:\/\/ws168.juntadeandalucia.es\/iaap\/gestiondelconocimiento\/?page_id=1998"},"modified":"2020-02-22T10:37:12","modified_gmt":"2020-02-22T10:37:12","slug":"edicion-2017-2018","status":"publish","type":"page","link":"https:\/\/ws168.juntadeandalucia.es\/iaap\/gestiondelconocimiento\/proyectos\/edicion-2017-2018\/","title":{"rendered":"EDICI\u00d3N 2017- 2018"},"content":{"rendered":"<p><span style=\"font-family: georgia, palatino, serif;font-size: 12pt\">Proyectos llevados a cabo en la edici\u00f3n 2017-2018 del programa \u00abEmbajadores\/as del Conocimiento\u00bb<\/span><\/p>\n<p><span style=\"font-size: 12pt\"><a href=\"https:\/\/ws168.juntadeandalucia.es\/iaap\/gestiondelconocimiento\/proyectos\/gc01\/\">GC01 \u2013 Cambio generacional<\/a><\/span><br \/>\n<span style=\"font-size: 12pt\"><a href=\"https:\/\/ws168.juntadeandalucia.es\/iaap\/gestiondelconocimiento\/proyectos\/gc02\/\">GC02 \u2013 Revista digital<\/a><\/span><br \/>\n<span style=\"font-size: 12pt\"><a href=\"https:\/\/ws168.juntadeandalucia.es\/iaap\/gestiondelconocimiento\/proyectos\/gc03\/\">GC03 \u2013 Mejora de la Red Profesional<\/a><\/span><br \/>\n<span style=\"font-size: 12pt\"><a href=\"https:\/\/ws168.juntadeandalucia.es\/iaap\/gestiondelconocimiento\/proyectos\/curacion-de-contenidos\/\">GC04 \u2013 Curaci\u00f3n de contenidos<\/a><\/span><br \/>\n<span style=\"font-size: 12pt\"><a href=\"https:\/\/ws168.juntadeandalucia.es\/iaap\/gestiondelconocimiento\/proyectos\/gc05\/\">GC05 \u2013 \u00bfQui\u00e9n es qui\u00e9n?<\/a><\/span><\/p>\n","protected":false},"excerpt":{"rendered":"<p>Proyectos llevados a cabo en la edici\u00f3n 2017-2018 del programa \u00abEmbajadores\/as del Conocimiento\u00bb GC01 \u2013 Cambio generacional GC02 \u2013 Revista digital GC03 \u2013 Mejora de la Red Profesional GC04 \u2013 Curaci\u00f3n de contenidos GC05 \u2013 \u00bfQui\u00e9n es qui\u00e9n?<\/p>\n","protected":false},"author":46,"featured_media":0,"parent":157,"menu_order":1,"comment_status":"closed","ping_status":"closed","template":"","meta":{"jetpack_post_was_ever_published":false,"footnotes":""},"class_list":["post-1998","page","type-page","status-publish","hentry"],"jetpack_sharing_enabled":true,"jetpack_shortlink":"https:\/\/wp.me\/P9W7Se-we","jetpack-related-posts":[{"id":157,"url":"https:\/\/ws168.juntadeandalucia.es\/iaap\/gestiondelconocimiento\/proyectos\/","url_meta":{"origin":1998,"position":0},"title":"Ediciones","author":"","date":"21 mayo, 2018","format":false,"excerpt":"Gesti\u00f3n del Conocimiento s\u00ed, pero, \u00bfpara qu\u00e9?En 2017 se inicia la andadura en la disciplina de Gesti\u00f3n del Conocimiento en el IAAP, fijando un marco de referencia de base en el que se identificaron una serie de retos y problemas en la Junta de Andaluc\u00eda, que pod\u00edan ser atendidos con\u2026","rel":"","context":"Entrada similar","block_context":{"text":"Entrada similar","link":""},"img":{"alt_text":"","src":"https:\/\/i0.wp.com\/ws168.juntadeandalucia.es\/iaap\/gestiondelconocimiento\/wp-content\/uploads\/sites\/10\/2020\/02\/human-3131802_1280-300x208.jpg?resize=350%2C200&ssl=1","width":350,"height":200},"classes":[]},{"id":418,"url":"https:\/\/ws168.juntadeandalucia.es\/iaap\/gestiondelconocimiento\/embajadores-del-conocimiento\/","url_meta":{"origin":1998,"position":1},"title":"Programa Embajadores\/as del Conocimiento","author":"","date":"16 junio, 2018","format":false,"excerpt":"Embajadores del Conocimiento es un programa que inici\u00f3 su andadura en mayo de 2017 y del que forman parte un grupo de empleadas y empleados p\u00fablicos con clara vocaci\u00f3n de servicio p\u00fablico. Este naci\u00f3 con la idea de establecer una red de personas que colaborar\u00e1n, de manera totalmente desinteresada, con\u2026","rel":"","context":"Entrada similar","block_context":{"text":"Entrada similar","link":""},"img":{"alt_text":"","src":"https:\/\/i0.wp.com\/ws168.juntadeandalucia.es\/iaap\/gestiondelconocimiento\/wp-content\/uploads\/sites\/10\/2020\/01\/Embajadores-del-Conocimiento.-IAAP.-Junta-de-Andaluc%C3%ADa.jpg?resize=350%2C200&ssl=1","width":350,"height":200,"srcset":"https:\/\/i0.wp.com\/ws168.juntadeandalucia.es\/iaap\/gestiondelconocimiento\/wp-content\/uploads\/sites\/10\/2020\/01\/Embajadores-del-Conocimiento.-IAAP.-Junta-de-Andaluc%C3%ADa.jpg?resize=350%2C200&ssl=1 1x, https:\/\/i0.wp.com\/ws168.juntadeandalucia.es\/iaap\/gestiondelconocimiento\/wp-content\/uploads\/sites\/10\/2020\/01\/Embajadores-del-Conocimiento.-IAAP.-Junta-de-Andaluc%C3%ADa.jpg?resize=525%2C300&ssl=1 1.5x, https:\/\/i0.wp.com\/ws168.juntadeandalucia.es\/iaap\/gestiondelconocimiento\/wp-content\/uploads\/sites\/10\/2020\/01\/Embajadores-del-Conocimiento.-IAAP.-Junta-de-Andaluc%C3%ADa.jpg?resize=700%2C400&ssl=1 2x, https:\/\/i0.wp.com\/ws168.juntadeandalucia.es\/iaap\/gestiondelconocimiento\/wp-content\/uploads\/sites\/10\/2020\/01\/Embajadores-del-Conocimiento.-IAAP.-Junta-de-Andaluc%C3%ADa.jpg?resize=1050%2C600&ssl=1 3x, https:\/\/i0.wp.com\/ws168.juntadeandalucia.es\/iaap\/gestiondelconocimiento\/wp-content\/uploads\/sites\/10\/2020\/01\/Embajadores-del-Conocimiento.-IAAP.-Junta-de-Andaluc%C3%ADa.jpg?resize=1400%2C800&ssl=1 4x"},"classes":[]},{"id":209,"url":"https:\/\/ws168.juntadeandalucia.es\/iaap\/gestiondelconocimiento\/proyectos\/edicion-2017-2018\/gc05\/","url_meta":{"origin":1998,"position":2},"title":"GC05 &#8211; \u00bfQui\u00e9n es qui\u00e9n? (2017-18)","author":"","date":"16 junio, 2018","format":false,"excerpt":"DESCRIPCI\u00d3N Proyecto que surge de la necesidad de localizar experiencia y conocimiento entre el personal de la administraci\u00f3n p\u00fablica. Se estudia una metodolog\u00eda aplicada a la identificaci\u00f3n de personas en la Red Profesional, que resuelvan necesidades profesionales a trav\u00e9s de sus conocimientos, habilidades y aptitudes. \u00bfNo te ha pasado que\u2026","rel":"","context":"Entrada similar","block_context":{"text":"Entrada similar","link":""},"img":{"alt_text":"","src":"https:\/\/i0.wp.com\/ws168.juntadeandalucia.es\/iaap\/gestiondelconocimiento\/wp-content\/uploads\/sites\/10\/2020\/02\/Quien-es-quien-HackCamp.png?resize=350%2C200&ssl=1","width":350,"height":200,"srcset":"https:\/\/i0.wp.com\/ws168.juntadeandalucia.es\/iaap\/gestiondelconocimiento\/wp-content\/uploads\/sites\/10\/2020\/02\/Quien-es-quien-HackCamp.png?resize=350%2C200&ssl=1 1x, https:\/\/i0.wp.com\/ws168.juntadeandalucia.es\/iaap\/gestiondelconocimiento\/wp-content\/uploads\/sites\/10\/2020\/02\/Quien-es-quien-HackCamp.png?resize=525%2C300&ssl=1 1.5x, https:\/\/i0.wp.com\/ws168.juntadeandalucia.es\/iaap\/gestiondelconocimiento\/wp-content\/uploads\/sites\/10\/2020\/02\/Quien-es-quien-HackCamp.png?resize=700%2C400&ssl=1 2x"},"classes":[]},{"id":771,"url":"https:\/\/ws168.juntadeandalucia.es\/iaap\/gestiondelconocimiento\/proyectos\/edicion-2018-2019\/gc06-identificacion-del-conocimiento-critico\/","url_meta":{"origin":1998,"position":3},"title":"GC06 &#8211; Identificaci\u00f3n del Conocimiento Cr\u00edtico (2018-19)","author":"","date":"7 marzo, 2019","format":false,"excerpt":"DESCRIPCI\u00d3N Se trata de identificar el conocimiento cr\u00edtico existente en la Junta de Andaluc\u00eda, dando respuesta a las preguntas: \u2022 \u00bfQu\u00e9 sabemos en la organizaci\u00f3n? \u2022 \u00bfQu\u00e9 es lo m\u00e1s importante? \u2022 \u00bfQui\u00e9n lo sabe? \u2022 \u00bfQu\u00e9 hacemos con ello? OBJETIVOS Elaborar un inventario categorizado del conocimiento existente en la\u2026","rel":"","context":"Entrada similar","block_context":{"text":"Entrada similar","link":""},"img":{"alt_text":"","src":"https:\/\/i0.wp.com\/ws168.juntadeandalucia.es\/iaap\/gestiondelconocimiento\/wp-content\/uploads\/sites\/10\/2021\/01\/Captura-de-pantalla-2021-01-17-a-las-18.57.08.png?resize=350%2C200&ssl=1","width":350,"height":200,"srcset":"https:\/\/i0.wp.com\/ws168.juntadeandalucia.es\/iaap\/gestiondelconocimiento\/wp-content\/uploads\/sites\/10\/2021\/01\/Captura-de-pantalla-2021-01-17-a-las-18.57.08.png?resize=350%2C200&ssl=1 1x, https:\/\/i0.wp.com\/ws168.juntadeandalucia.es\/iaap\/gestiondelconocimiento\/wp-content\/uploads\/sites\/10\/2021\/01\/Captura-de-pantalla-2021-01-17-a-las-18.57.08.png?resize=525%2C300&ssl=1 1.5x"},"classes":[]},{"id":2053,"url":"https:\/\/ws168.juntadeandalucia.es\/iaap\/gestiondelconocimiento\/proyectos\/edicion-2019-2020-edicion-2019-2020\/gc06-identificacion-del-conocimiento-critico\/","url_meta":{"origin":1998,"position":4},"title":"GC06 &#8211; Identificaci\u00f3n del Conocimiento Cr\u00edtico (2019-20)","author":"beatrizsanchezgomez","date":"23 febrero, 2020","format":false,"excerpt":"DESCRIPCI\u00d3NSe trata de identificar el conocimiento cr\u00edtico existente en la Junta de Andaluc\u00eda, dando respuesta a las preguntas:\u2022 \u00bfQu\u00e9 es lo que sabe la organizaci\u00f3n?\u2022 \u00bfDe eso qu\u00e9 es lo m\u00e1s importante?\u2022 \u00bfQui\u00e9n lo sabe?\u2022 \u00bfC\u00f3mo utilizamos lo que sabemos?OBJETIVOSElaborar un inventario categorizado del conocimiento existente en la Junta de\u2026","rel":"","context":"Entrada similar","block_context":{"text":"Entrada similar","link":""},"img":{"alt_text":"","src":"https:\/\/i0.wp.com\/ws168.juntadeandalucia.es\/iaap\/gestiondelconocimiento\/wp-content\/uploads\/sites\/10\/2019\/03\/screen2.png?resize=350%2C200&ssl=1","width":350,"height":200},"classes":[]},{"id":203,"url":"https:\/\/ws168.juntadeandalucia.es\/iaap\/gestiondelconocimiento\/proyectos\/edicion-2017-2018\/gc02\/","url_meta":{"origin":1998,"position":5},"title":"GC02 &#8211; Revista digital (2017-18)","author":"","date":"16 junio, 2018","format":false,"excerpt":"DESCRIPCI\u00d3N: EnRed@2.0 es una publicaci\u00f3n digital elaborada por el personal de la Junta de Andaluc\u00eda. Esta Revista\u00a0es un instrumento para la puesta en valor del conocimiento y experiencia adquiridos y desarrollados en el sector p\u00fablico andaluz. Por consiguiente, canaliza y difunde el esp\u00edritu creativo e innovador de las empleadas y\u2026","rel":"","context":"Entrada similar","block_context":{"text":"Entrada similar","link":""},"img":{"alt_text":"","src":"https:\/\/i0.wp.com\/ws168.juntadeandalucia.es\/iaap\/gestiondelconocimiento\/wp-content\/uploads\/sites\/10\/2018\/06\/img_1190.jpg?resize=350%2C200&ssl=1","width":350,"height":200,"srcset":"https:\/\/i0.wp.com\/ws168.juntadeandalucia.es\/iaap\/gestiondelconocimiento\/wp-content\/uploads\/sites\/10\/2018\/06\/img_1190.jpg?resize=350%2C200&ssl=1 1x, https:\/\/i0.wp.com\/ws168.juntadeandalucia.es\/iaap\/gestiondelconocimiento\/wp-content\/uploads\/sites\/10\/2018\/06\/img_1190.jpg?resize=525%2C300&ssl=1 1.5x"},"classes":[]}],"jetpack_likes_enabled":true,"_links":{"self":[{"href":"https:\/\/ws168.juntadeandalucia.es\/iaap\/gestiondelconocimiento\/wp-json\/wp\/v2\/pages\/1998","targetHints":{"allow":["GET"]}}],"collection":[{"href":"https:\/\/ws168.juntadeandalucia.es\/iaap\/gestiondelconocimiento\/wp-json\/wp\/v2\/pages"}],"about":[{"href":"https:\/\/ws168.juntadeandalucia.es\/iaap\/gestiondelconocimiento\/wp-json\/wp\/v2\/types\/page"}],"author":[{"embeddable":true,"href":"https:\/\/ws168.juntadeandalucia.es\/iaap\/gestiondelconocimiento\/wp-json\/wp\/v2\/users\/46"}],"replies":[{"embeddable":true,"href":"https:\/\/ws168.juntadeandalucia.es\/iaap\/gestiondelconocimiento\/wp-json\/wp\/v2\/comments?post=1998"}],"version-history":[{"count":3,"href":"https:\/\/ws168.juntadeandalucia.es\/iaap\/gestiondelconocimiento\/wp-json\/wp\/v2\/pages\/1998\/revisions"}],"predecessor-version":[{"id":2013,"href":"https:\/\/ws168.juntadeandalucia.es\/iaap\/gestiondelconocimiento\/wp-json\/wp\/v2\/pages\/1998\/revisions\/2013"}],"up":[{"embeddable":true,"href":"https:\/\/ws168.juntadeandalucia.es\/iaap\/gestiondelconocimiento\/wp-json\/wp\/v2\/pages\/157"}],"wp:attachment":[{"href":"https:\/\/ws168.juntadeandalucia.es\/iaap\/gestiondelconocimiento\/wp-json\/wp\/v2\/media?parent=1998"}],"curies":[{"name":"wp","href":"https:\/\/api.w.org\/{rel}","templated":true}]}}

EDICIÓN 2017- 2018

<p><span style="font-family: georgia, palatino, serif;font-size: 12pt">Proyectos llevados a cabo en la edición 2017-2018 del programa «Embajadores/as del Conocimiento»</span></p>
<p><span style="font-size: 12pt"><a href="https://ws168.juntadeandalucia.es/iaap/gestiondelconocimiento/proyectos/gc01/">GC01 – Cambio generacional</a></span><br />
<span style="font-size: 12pt"><a href="https://ws168.juntadeandalucia.es/iaap/gestiondelconocimiento/proyectos/gc02/">GC02 – Revista digital</a></span><br />
<span style="font-size: 12pt"><a href="https://ws168.juntadeandalucia.es/iaap/gestiondelconocimiento/proyectos/gc03/">GC03 – Mejora de la Red Profesional</a></span><br />
<span style="font-size: 12pt"><a href="https://ws168.juntadeandalucia.es/iaap/gestiondelconocimiento/proyectos/curacion-de-contenidos/">GC04 – Curación de contenidos</a></span><br />
<span style="font-size: 12pt"><a href="https://ws168.juntadeandalucia.es/iaap/gestiondelconocimiento/proyectos/gc05/">GC05 – ¿Quién es quién?</a></span></p>

<p>Proyectos llevados a cabo en la edición 2017-2018 del programa «Embajadores/as del Conocimiento» GC01 – Cambio generacional GC02 – Revista digital GC03 – Mejora de la Red Profesional GC04 – Curación de contenidos GC05 – ¿Quién es quién?</p>

Gestión del Conocimiento sí, pero, ¿para qué?En 2017 se inicia la andadura en la disciplina de Gestión del Conocimiento en el IAAP, fijando un marco de referencia de base en el que se identificaron una serie de retos y problemas en la Junta de Andalucía, que podían ser atendidos con…

Embajadores del Conocimiento es un programa que inició su andadura en mayo de 2017 y del que forman parte un grupo de empleadas y empleados públicos con clara vocación de servicio público. Este nació con la idea de establecer una red de personas que colaborarán, de manera totalmente desinteresada, con…

GC05 &#8211; ¿Quién es quién? (2017-18)

DESCRIPCIÓN Proyecto que surge de la necesidad de localizar experiencia y conocimiento entre el personal de la administración pública. Se estudia una metodología aplicada a la identificación de personas en la Red Profesional, que resuelvan necesidades profesionales a través de sus conocimientos, habilidades y aptitudes. ¿No te ha pasado que…

GC06 &#8211; Identificación del Conocimiento Crítico (2018-19)

DESCRIPCIÓN Se trata de identificar el conocimiento crítico existente en la Junta de Andalucía, dando respuesta a las preguntas: • ¿Qué sabemos en la organización? • ¿Qué es lo más importante? • ¿Quién lo sabe? • ¿Qué hacemos con ello? OBJETIVOS Elaborar un inventario categorizado del conocimiento existente en la…

GC06 &#8211; Identificación del Conocimiento Crítico (2019-20)

DESCRIPCIÓNSe trata de identificar el conocimiento crítico existente en la Junta de Andalucía, dando respuesta a las preguntas:• ¿Qué es lo que sabe la organización?• ¿De eso qué es lo más importante?• ¿Quién lo sabe?• ¿Cómo utilizamos lo que sabemos?OBJETIVOSElaborar un inventario categorizado del conocimiento existente en la Junta de…

DESCRIPCIÓN: EnRed@2.0 es una publicación digital elaborada por el personal de la Junta de Andalucía. Esta Revista es un instrumento para la puesta en valor del conocimiento y experiencia adquiridos y desarrollados en el sector público andaluz. Por consiguiente, canaliza y difunde el espíritu creativo e innovador de las empleadas y…
