{"id":201,"date":"2018-06-16T08:22:16","date_gmt":"2018-06-16T08:22:16","guid":{"rendered":"https:\/\/ws168.juntadeandalucia.es\/iaap\/gestiondelconocimiento\/?page_id=201"},"modified":"2020-03-08T20:54:06","modified_gmt":"2020-03-08T20:54:06","slug":"gc01","status":"publish","type":"page","link":"https:\/\/ws168.juntadeandalucia.es\/iaap\/gestiondelconocimiento\/proyectos\/edicion-2017-2018\/gc01\/","title":{"rendered":"GC01 &#8211; Cambio generacional (2017-18)"},"content":{"rendered":"<h3><span style=\"color: #800080\">Edici\u00f3n 2017-2018<\/span><\/h3>\n<h4><img fetchpriority=\"high\" decoding=\"async\" data-attachment-id=\"451\" data-permalink=\"https:\/\/ws168.juntadeandalucia.es\/iaap\/gestiondelconocimiento\/proyectos\/edicion-2017-2018\/gc01\/gc01_logo\/\" data-orig-file=\"https:\/\/ws168.juntadeandalucia.es\/iaap\/gestiondelconocimiento\/wp-content\/uploads\/sites\/10\/2018\/06\/GC01_logo.png\" data-orig-size=\"698,254\" data-comments-opened=\"0\" data-image-meta=\"{&quot;aperture&quot;:&quot;0&quot;,&quot;credit&quot;:&quot;&quot;,&quot;camera&quot;:&quot;&quot;,&quot;caption&quot;:&quot;&quot;,&quot;created_timestamp&quot;:&quot;0&quot;,&quot;copyright&quot;:&quot;&quot;,&quot;focal_length&quot;:&quot;0&quot;,&quot;iso&quot;:&quot;0&quot;,&quot;shutter_speed&quot;:&quot;0&quot;,&quot;title&quot;:&quot;&quot;,&quot;orientation&quot;:&quot;0&quot;}\" data-image-title=\"GC01_logo\" data-image-description=\"\" data-image-caption=\"\" data-large-file=\"https:\/\/ws168.juntadeandalucia.es\/iaap\/gestiondelconocimiento\/wp-content\/uploads\/sites\/10\/2018\/06\/GC01_logo.png\" class=\"aligncenter wp-image-451 \" src=\"https:\/\/ws168.juntadeandalucia.es\/iaap\/gestiondelconocimiento\/wp-content\/uploads\/sites\/10\/2018\/06\/GC01_logo.png\" alt=\"\" width=\"731\" height=\"266\" srcset=\"https:\/\/ws168.juntadeandalucia.es\/iaap\/gestiondelconocimiento\/wp-content\/uploads\/sites\/10\/2018\/06\/GC01_logo.png 698w, https:\/\/ws168.juntadeandalucia.es\/iaap\/gestiondelconocimiento\/wp-content\/uploads\/sites\/10\/2018\/06\/GC01_logo-300x109.png 300w, https:\/\/ws168.juntadeandalucia.es\/iaap\/gestiondelconocimiento\/wp-content\/uploads\/sites\/10\/2018\/06\/GC01_logo-600x218.png 600w, https:\/\/ws168.juntadeandalucia.es\/iaap\/gestiondelconocimiento\/wp-content\/uploads\/sites\/10\/2018\/06\/GC01_logo-110x40.png 110w, https:\/\/ws168.juntadeandalucia.es\/iaap\/gestiondelconocimiento\/wp-content\/uploads\/sites\/10\/2018\/06\/GC01_logo-420x153.png 420w\" sizes=\"(max-width: 731px) 100vw, 731px\" \/><\/h4>\n<h4>DESCRIPCI\u00d3N:<\/h4>\n<p><span style=\"font-size: 12pt\">Este proyecto engloba la creaci\u00f3n de un <strong>metodolog\u00eda para la transferencia del conocimiento<\/strong>, destinado sobre todo a personas pr\u00f3ximas a la jubilaci\u00f3n. Para que pueda hacerse una adecuada gesti\u00f3n del conocimiento hacia el personal de nuevo ingreso. Sin embargo, esta metodolog\u00eda tambi\u00e9n puede adaptarse a situaciones de movilidad de personas empleadas en la Junta de Andaluc\u00eda, incluyendo acogida o traslados.\u00a0<\/span><\/p>\n<h4>OBJETIVOS:<\/h4>\n<ul>\n<li><span style=\"font-size: 12pt\">Evitar la p\u00e9rdida de la experiencia y del <strong>conocimiento experto<\/strong> por la salida de los empleados p\u00fablicos.<\/span><\/li>\n<li><span style=\"font-size: 12pt\">Garantizar que esa experiencia y conocimientos son conservados y quedan disponibles.<\/span><\/li>\n<li><span style=\"font-size: 12pt\">Transferir de manera efectiva dicha experiencia y conocimiento a los funcionarios en activo.<\/span><\/li>\n<\/ul>\n<h4>ENLACES:<\/h4>\n<ul>\n<li><span style=\"font-size: 12pt\">Como \u00abantecedentes\u00bb, os invitamos a consultar el proyecto<strong>\u00a0<a href=\"http:\/\/lajunta.es\/143dz\" target=\"_blank\" rel=\"noopener\">TRANSFER<\/a><\/strong>.<\/span><\/li>\n<li><span style=\"font-size: 12pt\">Tambi\u00e9n, dentro del <a href=\"http:\/\/lajunta.es\/14d01\" target=\"_blank\" rel=\"noopener\"><strong>Hackcamp 2017<\/strong><\/a>, se llevo a cabo una actividad sobre la transferencia de conocimiento en el <strong>intercambio generacional<\/strong>. El resultado fue muy original en s\u00ed mismo.<\/span><\/li>\n<li><span style=\"font-size: 12pt\">M\u00e1s informaci\u00f3n en este <strong><a href=\"http:\/\/lajunta.es\/14d00\" target=\"_blank\" rel=\"noopener\">V\u00cdDEO<\/a><\/strong>.\u00a0<\/span><\/li>\n<\/ul>\n<h4><span style=\"font-size: 12pt\">ENTREGABLES:<\/span><\/h4>\n<ul>\n<li><span style=\"font-size: 12pt\"><strong><a href=\"https:\/\/drive.google.com\/open?id=1z9sd18Si8LDBKOEAnWZnLTVqFrdsxA7j\" target=\"_blank\" rel=\"noopener\">Dise\u00f1o metodol\u00f3gico <\/a><\/strong><\/span><\/li>\n<li><span style=\"font-size: 12pt\"><strong><a href=\"http:\/\/www.juntadeandalucia.es\/institutodeadministracionpublica\/servlet\/descarga.html?up=127087\" target=\"_blank\" rel=\"noopener\">I Encuentro Intergeneracional de la Junta de Andaluc\u00eda.<\/a><\/strong><\/span><\/li>\n<\/ul>\n","protected":false},"excerpt":{"rendered":"<p>Edici\u00f3n 2017-2018 DESCRIPCI\u00d3N: Este proyecto engloba la creaci\u00f3n de un metodolog\u00eda para la transferencia del conocimiento, destinado sobre todo a personas pr\u00f3ximas a la jubilaci\u00f3n. Para que pueda hacerse una adecuada gesti\u00f3n del conocimiento hacia el personal de nuevo ingreso. Sin embargo, esta metodolog\u00eda tambi\u00e9n puede adaptarse a situaciones de movilidad de personas empleadas en [&hellip;]<\/p>\n","protected":false},"author":19,"featured_media":1738,"parent":1998,"menu_order":1,"comment_status":"closed","ping_status":"closed","template":"","meta":{"jetpack_post_was_ever_published":false,"footnotes":""},"class_list":["post-201","page","type-page","status-publish","has-post-thumbnail","hentry"],"jetpack_sharing_enabled":true,"jetpack_shortlink":"https:\/\/wp.me\/P9W7Se-3f","jetpack-related-posts":[{"id":2015,"url":"https:\/\/ws168.juntadeandalucia.es\/iaap\/gestiondelconocimiento\/proyectos\/edicion-2018-2019\/gc01-cambio-generacional\/","url_meta":{"origin":201,"position":0},"title":"GC01 &#8211; Cambio generacional 2.0 (2018-19)","author":"beatrizsanchezgomez","date":"22 febrero, 2020","format":false,"excerpt":"Edici\u00f3n 2018-2019 DESCRIPCI\u00d3N: Este proyecto engloba la creaci\u00f3n de un metodolog\u00eda para la transferencia del conocimiento, destinado sobre todo a personas pr\u00f3ximas a la jubilaci\u00f3n. Para que pueda hacerse una adecuada gesti\u00f3n del conocimiento hacia el personal de nuevo ingreso. Sin embargo, esta metodolog\u00eda tambi\u00e9n puede adaptarse a situaciones de\u2026","rel":"","context":"Entrada similar","block_context":{"text":"Entrada similar","link":""},"img":{"alt_text":"","src":"","width":0,"height":0},"classes":[]},{"id":4473,"url":"https:\/\/ws168.juntadeandalucia.es\/iaap\/gestiondelconocimiento\/edicion-2022\/identificacion-del-conocimiento-critico-2022\/","url_meta":{"origin":201,"position":1},"title":"Identificaci\u00f3n del Conocimiento Cr\u00edtico 2022","author":"pedroblanco","date":"23 febrero, 2023","format":false,"excerpt":"A lo largo de estos cuatro a\u00f1os del Grupo de Conocimiento Cr\u00edtico hemos recorrido un camino que empez\u00f3 en 2019.A\u00f1o 2019 - 2020.- APRENDER - APRENDIENDOTodo era nuevo y nos toco determinar qu\u00e9 era el conocimiento cr\u00edtico y por qu\u00e9 era importante conservarlo: \u201ctodo aquello que sabemos hacer, producto de\u2026","rel":"","context":"Entrada similar","block_context":{"text":"Entrada similar","link":""},"img":{"alt_text":"","src":"","width":0,"height":0},"classes":[]},{"id":1903,"url":"https:\/\/ws168.juntadeandalucia.es\/iaap\/gestiondelconocimiento\/proyectos\/edicion-2019-2020-edicion-2019-2020\/gc11-encuentros-intergeneracionales\/","url_meta":{"origin":201,"position":2},"title":"GC11 &#8211; Encuentros Intergeneracionales (2019-20)","author":"beatrizsanchezgomez","date":"17 febrero, 2020","format":false,"excerpt":"Edici\u00f3n 2019-2020DESCRIPCI\u00d3NEste proyecto que surge en la tercera edici\u00f3n del programa del IAAP Embajadores del Conocimiento. Se trata de llevar a cabo encuentros entre personas pr\u00f3ximas a la jubilaci\u00f3n con un conocimiento destacado y personas que deban ser destinatarias de ese conocimiento.\u00a0Para ello se partir\u00e1 como modelo, del \"I encuentro\u2026","rel":"","context":"Entrada similar","block_context":{"text":"Entrada similar","link":""},"img":{"alt_text":"","src":"https:\/\/i0.wp.com\/ws168.juntadeandalucia.es\/iaap\/gestiondelconocimiento\/wp-content\/uploads\/sites\/10\/2020\/01\/Generacional2.jpg?resize=350%2C200&ssl=1","width":350,"height":200},"classes":[]},{"id":3311,"url":"https:\/\/ws168.juntadeandalucia.es\/iaap\/gestiondelconocimiento\/transfer\/","url_meta":{"origin":201,"position":3},"title":"Resoluci\u00f3n del concurso de traslados de funcionarios de la Junta de Andaluc\u00eda y el Proyecto TRANSFER","author":"","date":"17 febrero, 2021","format":false,"excerpt":"\u00a0 El Proyecto TRANSFER para la Transferencia de Conocimiento en el puesto de trabajo se desarroll\u00f3 en 2016. Es ahora cuando Transfer con\u00a0 la publicaci\u00f3n del listado del concurso de traslados de funcionarios de la Junta de Andaluc\u00eda est\u00e1 tomando mayor repercusi\u00f3n. \u00a0La idea surgi\u00f3 ante la inminente resoluci\u00f3n del\u2026","rel":"","context":"Entrada similar","block_context":{"text":"Entrada similar","link":""},"img":{"alt_text":"","src":"https:\/\/i0.wp.com\/ws168.juntadeandalucia.es\/iaap\/gestiondelconocimiento\/wp-content\/uploads\/sites\/10\/2021\/02\/Transfer.png?resize=350%2C200&ssl=1","width":350,"height":200},"classes":[]},{"id":3424,"url":"https:\/\/ws168.juntadeandalucia.es\/iaap\/gestiondelconocimiento\/embajadores-del-conocimiento\/metodologia-del-programa\/","url_meta":{"origin":201,"position":4},"title":"Metodolog\u00eda del Programa","author":"","date":"19 marzo, 2021","format":false,"excerpt":"El programa Embajadoras\/es del Conocimiento desarrolla un conjunto de proyectos, apoyado en un itinerario formativo, con acciones formativas semipresenciales que est\u00e1n dise\u00f1adas para dar vida y acompa\u00f1ar a un ciclo natural de gesti\u00f3n de proyectos:- Taller residencial de lanzamiento de proyectosEn \u00e9l se da una visi\u00f3n global del programa, las\u2026","rel":"","context":"Entrada similar","block_context":{"text":"Entrada similar","link":""},"img":{"alt_text":"","src":"","width":0,"height":0},"classes":[]},{"id":7213,"url":"https:\/\/ws168.juntadeandalucia.es\/iaap\/gestiondelconocimiento\/transfer-ia\/","url_meta":{"origin":201,"position":5},"title":"TRANSFER-IA","author":"administrador","date":"14 octubre, 2025","format":false,"excerpt":"Novedoso proyecto en esta edici\u00f3n en el que las cinco personas del equipo han trabajado en un piloto de aplicaci\u00f3n de la Inteligencia artificial (IA) a la transferencia de conocimiento. Tras investigar todo el espectro de posibilidades, el equipo se ha centrado en la aplicaci\u00f3n de la IA a la\u2026","rel":"","context":"Entrada similar","block_context":{"text":"Entrada similar","link":""},"img":{"alt_text":"","src":"https:\/\/i0.wp.com\/ws168.juntadeandalucia.es\/iaap\/gestiondelconocimiento\/wp-content\/uploads\/sites\/10\/2025\/10\/2025-Ficha-equipo-Transfer-IA-1536x1086.jpg?resize=350%2C200&ssl=1","width":350,"height":200,"srcset":"https:\/\/i0.wp.com\/ws168.juntadeandalucia.es\/iaap\/gestiondelconocimiento\/wp-content\/uploads\/sites\/10\/2025\/10\/2025-Ficha-equipo-Transfer-IA-1536x1086.jpg?resize=350%2C200&ssl=1 1x, https:\/\/i0.wp.com\/ws168.juntadeandalucia.es\/iaap\/gestiondelconocimiento\/wp-content\/uploads\/sites\/10\/2025\/10\/2025-Ficha-equipo-Transfer-IA-1536x1086.jpg?resize=525%2C300&ssl=1 1.5x"},"classes":[]}],"jetpack_likes_enabled":true,"_links":{"self":[{"href":"https:\/\/ws168.juntadeandalucia.es\/iaap\/gestiondelconocimiento\/wp-json\/wp\/v2\/pages\/201","targetHints":{"allow":["GET"]}}],"collection":[{"href":"https:\/\/ws168.juntadeandalucia.es\/iaap\/gestiondelconocimiento\/wp-json\/wp\/v2\/pages"}],"about":[{"href":"https:\/\/ws168.juntadeandalucia.es\/iaap\/gestiondelconocimiento\/wp-json\/wp\/v2\/types\/page"}],"author":[{"embeddable":true,"href":"https:\/\/ws168.juntadeandalucia.es\/iaap\/gestiondelconocimiento\/wp-json\/wp\/v2\/users\/19"}],"replies":[{"embeddable":true,"href":"https:\/\/ws168.juntadeandalucia.es\/iaap\/gestiondelconocimiento\/wp-json\/wp\/v2\/comments?post=201"}],"version-history":[{"count":36,"href":"https:\/\/ws168.juntadeandalucia.es\/iaap\/gestiondelconocimiento\/wp-json\/wp\/v2\/pages\/201\/revisions"}],"predecessor-version":[{"id":2197,"href":"https:\/\/ws168.juntadeandalucia.es\/iaap\/gestiondelconocimiento\/wp-json\/wp\/v2\/pages\/201\/revisions\/2197"}],"up":[{"embeddable":true,"href":"https:\/\/ws168.juntadeandalucia.es\/iaap\/gestiondelconocimiento\/wp-json\/wp\/v2\/pages\/1998"}],"wp:featuredmedia":[{"embeddable":true,"href":"https:\/\/ws168.juntadeandalucia.es\/iaap\/gestiondelconocimiento\/wp-json\/wp\/v2\/media\/1738"}],"wp:attachment":[{"href":"https:\/\/ws168.juntadeandalucia.es\/iaap\/gestiondelconocimiento\/wp-json\/wp\/v2\/media?parent=201"}],"curies":[{"name":"wp","href":"https:\/\/api.w.org\/{rel}","templated":true}]}}