{"id":2022,"date":"2020-02-22T20:10:09","date_gmt":"2020-02-22T20:10:09","guid":{"rendered":"https:\/\/ws168.juntadeandalucia.es\/iaap\/gestiondelconocimiento\/?page_id=2022"},"modified":"2020-03-08T21:02:53","modified_gmt":"2020-03-08T21:02:53","slug":"gc04-curacion-de-contenidos","status":"publish","type":"page","link":"https:\/\/ws168.juntadeandalucia.es\/iaap\/gestiondelconocimiento\/proyectos\/edicion-2018-2019\/gc04-curacion-de-contenidos\/","title":{"rendered":"GC04 &#8211; Curaci\u00f3n de contenidos (2018-19)"},"content":{"rendered":"<p><img fetchpriority=\"high\" decoding=\"async\" data-attachment-id=\"470\" data-permalink=\"https:\/\/ws168.juntadeandalucia.es\/iaap\/gestiondelconocimiento\/proyectos\/edicion-2017-2018\/curacion-de-contenidos\/gc04_logo\/\" data-orig-file=\"https:\/\/ws168.juntadeandalucia.es\/iaap\/gestiondelconocimiento\/wp-content\/uploads\/sites\/10\/2018\/06\/GC04_logo.png\" data-orig-size=\"2328,528\" data-comments-opened=\"0\" data-image-meta=\"{&quot;aperture&quot;:&quot;0&quot;,&quot;credit&quot;:&quot;&quot;,&quot;camera&quot;:&quot;&quot;,&quot;caption&quot;:&quot;&quot;,&quot;created_timestamp&quot;:&quot;0&quot;,&quot;copyright&quot;:&quot;&quot;,&quot;focal_length&quot;:&quot;0&quot;,&quot;iso&quot;:&quot;0&quot;,&quot;shutter_speed&quot;:&quot;0&quot;,&quot;title&quot;:&quot;&quot;,&quot;orientation&quot;:&quot;0&quot;}\" data-image-title=\"GC04_logo\" data-image-description=\"\" data-image-caption=\"\" data-large-file=\"https:\/\/ws168.juntadeandalucia.es\/iaap\/gestiondelconocimiento\/wp-content\/uploads\/sites\/10\/2018\/06\/GC04_logo-1024x232.png\" class=\"aligncenter wp-image-470 size-full\" src=\"https:\/\/ws168.juntadeandalucia.es\/iaap\/gestiondelconocimiento\/wp-content\/uploads\/sites\/10\/2018\/06\/GC04_logo.png\" alt=\"\" width=\"2328\" height=\"528\" srcset=\"https:\/\/ws168.juntadeandalucia.es\/iaap\/gestiondelconocimiento\/wp-content\/uploads\/sites\/10\/2018\/06\/GC04_logo.png 2328w, https:\/\/ws168.juntadeandalucia.es\/iaap\/gestiondelconocimiento\/wp-content\/uploads\/sites\/10\/2018\/06\/GC04_logo-300x68.png 300w, https:\/\/ws168.juntadeandalucia.es\/iaap\/gestiondelconocimiento\/wp-content\/uploads\/sites\/10\/2018\/06\/GC04_logo-768x174.png 768w, https:\/\/ws168.juntadeandalucia.es\/iaap\/gestiondelconocimiento\/wp-content\/uploads\/sites\/10\/2018\/06\/GC04_logo-1024x232.png 1024w, https:\/\/ws168.juntadeandalucia.es\/iaap\/gestiondelconocimiento\/wp-content\/uploads\/sites\/10\/2018\/06\/GC04_logo-600x136.png 600w, https:\/\/ws168.juntadeandalucia.es\/iaap\/gestiondelconocimiento\/wp-content\/uploads\/sites\/10\/2018\/06\/GC04_logo-110x25.png 110w, https:\/\/ws168.juntadeandalucia.es\/iaap\/gestiondelconocimiento\/wp-content\/uploads\/sites\/10\/2018\/06\/GC04_logo-420x95.png 420w, https:\/\/ws168.juntadeandalucia.es\/iaap\/gestiondelconocimiento\/wp-content\/uploads\/sites\/10\/2018\/06\/GC04_logo-770x175.png 770w\" sizes=\"(max-width: 2328px) 100vw, 2328px\" \/><\/p>\n<h3><span style=\"color: #800080\">Edici\u00f3n 2018-2019<\/span><\/h3>\n<h4>OBJETIVOS:<\/h4>\n<p><span style=\"font-size: 12pt\">El Proyecto de Curaci\u00f3n de contenidos contin\u00fao con su labor en esta edici\u00f3n y adem\u00e1s trabaj\u00f3 sobre la metolog\u00eda de \u00abcurar contenidos\u00bb porque&#8230; <span style=\"color: #800080\">\u00a1para curar contenidos hay que saber c\u00f3mo curarlos!<\/span>.<\/span><\/p>\n<h4>ENTREGABLES:<\/h4>\n<ul>\n<li><a href=\"https:\/\/davidfunci.neocities.org\/gc2019\/\"><strong><span style=\"font-size: 12pt\">Toda la producci\u00f3n del GC04 Curaci\u00f3n de Contenidos.<\/span><\/strong><\/a><\/li>\n<li><a href=\"https:\/\/view.genial.ly\/5d8121d0b7e84f0f6c7b7f25\"><strong><span style=\"font-size: 12pt\">Presentaci\u00f3n del Proyecto de Curaci\u00f3n de Contenidos en las Jornadas KM 2019.<\/span><\/strong><\/a><\/li>\n<\/ul>\n<h4>DESCRIPCI\u00d3N<\/h4>\n<p><span style=\"font-size: 12pt\">Este proyecto se concibe para buscar c\u00f3mo se est\u00e1 construyendo la Gesti\u00f3n del Conocimiento en otros lugares.<\/span><\/p>\n<p><span style=\"font-size: 12pt\">Sin limites geogr\u00e1ficos. \u00bfQu\u00e9 est\u00e1 pasando en Gesti\u00f3n del Conocimiento por el mundo?<\/span><\/p>\n<h4>OBJETIVOS<\/h4>\n<ul>\n<li><span style=\"font-size: 12pt\">Mostrar qu\u00e9 es la Curaci\u00f3n de Contenidos, que hemos entendido como el \u00abarte\u00bb de buscar, seleccionar, completar y transformar contenidos buenos en excelentes.<\/span><\/li>\n<li><span style=\"font-size: 12pt\">Los contenidos a \u00abcurar\u00bb son los del punto anterior (\u00bfqu\u00e9 est\u00e1 pasando en el mundo KM?), as\u00ed como los producidos por el resto de grupos en el desarrollo de los proyectos.<\/span><\/li>\n<li><span style=\"font-size: 12pt\">Dar a conocer la Gesti\u00f3n del Conocimiento en la Junta de Andaluc\u00eda. Tanto lo que se hace por el mundo, como lo que hacemos en la Junta de Andaluc\u00eda.<\/span><\/li>\n<\/ul>\n<h4>ENLACES<\/h4>\n<ul>\n<li><span style=\"font-size: 12pt\">Conoce nuestros avances: <a href=\"https:\/\/www.scoop.it\/t\/gestiondelconocimientoiaap\" target=\"_blank\" rel=\"noopener\">canal scoop.it<\/a><\/span><\/li>\n<\/ul>\n","protected":false},"excerpt":{"rendered":"<p>Edici\u00f3n 2018-2019 OBJETIVOS: El Proyecto de Curaci\u00f3n de contenidos contin\u00fao con su labor en esta edici\u00f3n y adem\u00e1s trabaj\u00f3 sobre la metolog\u00eda de \u00abcurar contenidos\u00bb porque&#8230; \u00a1para curar contenidos hay que saber c\u00f3mo curarlos!. ENTREGABLES: Toda la producci\u00f3n del GC04 Curaci\u00f3n de Contenidos. Presentaci\u00f3n del Proyecto de Curaci\u00f3n de Contenidos en las Jornadas KM 2019. [&hellip;]<\/p>\n","protected":false},"author":46,"featured_media":0,"parent":2011,"menu_order":3,"comment_status":"closed","ping_status":"closed","template":"","meta":{"jetpack_post_was_ever_published":false,"footnotes":""},"class_list":["post-2022","page","type-page","status-publish","hentry"],"jetpack_sharing_enabled":true,"jetpack_shortlink":"https:\/\/wp.me\/P9W7Se-wC","jetpack-related-posts":[{"id":207,"url":"https:\/\/ws168.juntadeandalucia.es\/iaap\/gestiondelconocimiento\/proyectos\/edicion-2017-2018\/curacion-de-contenidos\/","url_meta":{"origin":2022,"position":0},"title":"GC04 &#8211; Curaci\u00f3n de contenidos (2017-18)","author":"","date":"16 junio, 2018","format":false,"excerpt":"DESCRIPCI\u00d3N Este proyecto se concibe para buscar c\u00f3mo se est\u00e1 construyendo la Gesti\u00f3n del Conocimiento en otros lugares. Sin limites geogr\u00e1ficos. \u00bfQu\u00e9 est\u00e1 pasando en Gesti\u00f3n del Conocimiento por el mundo? OBJETIVOS Mostrar qu\u00e9 es la Curaci\u00f3n de Contenidos, que hemos entendido como el \"arte\" de buscar, seleccionar, completar y\u2026","rel":"","context":"Entrada similar","block_context":{"text":"Entrada similar","link":""},"img":{"alt_text":"","src":"","width":0,"height":0},"classes":[]},{"id":2011,"url":"https:\/\/ws168.juntadeandalucia.es\/iaap\/gestiondelconocimiento\/proyectos\/edicion-2018-2019\/","url_meta":{"origin":2022,"position":1},"title":"EDICI\u00d3N 2018-2019","author":"beatrizsanchezgomez","date":"22 febrero, 2020","format":false,"excerpt":"Proyectos llevados a cabo en la edici\u00f3n 2018-2019 del programa \"Embajadores\/as del Conocimiento\": GC01 \u2013 Cambio generacional GC02 \u2013 Revista digital GC04 \u2013 Curaci\u00f3n de contenidos GC06 \u2013 Identificaci\u00f3n del Conocimiento Cr\u00edtico GC07 \u2013 Biblioteca Humana GC08 \u2013 Implantando la Cultura Audiovisual GC09 \u2013 Pilotaje de Proyectos de Gesti\u00f3n del\u2026","rel":"","context":"Entrada similar","block_context":{"text":"Entrada similar","link":""},"img":{"alt_text":"","src":"","width":0,"height":0},"classes":[]},{"id":1998,"url":"https:\/\/ws168.juntadeandalucia.es\/iaap\/gestiondelconocimiento\/proyectos\/edicion-2017-2018\/","url_meta":{"origin":2022,"position":2},"title":"EDICI\u00d3N 2017- 2018","author":"beatrizsanchezgomez","date":"22 febrero, 2020","format":false,"excerpt":"Proyectos llevados a cabo en la edici\u00f3n 2017-2018 del programa \"Embajadores\/as del Conocimiento\" GC01 \u2013 Cambio generacional GC02 \u2013 Revista digital GC03 \u2013 Mejora de la Red Profesional GC04 \u2013 Curaci\u00f3n de contenidos GC05 \u2013 \u00bfQui\u00e9n es qui\u00e9n?","rel":"","context":"Entrada similar","block_context":{"text":"Entrada similar","link":""},"img":{"alt_text":"","src":"","width":0,"height":0},"classes":[]},{"id":157,"url":"https:\/\/ws168.juntadeandalucia.es\/iaap\/gestiondelconocimiento\/proyectos\/","url_meta":{"origin":2022,"position":3},"title":"Ediciones","author":"","date":"21 mayo, 2018","format":false,"excerpt":"Gesti\u00f3n del Conocimiento s\u00ed, pero, \u00bfpara qu\u00e9?En 2017 se inicia la andadura en la disciplina de Gesti\u00f3n del Conocimiento en el IAAP, fijando un marco de referencia de base en el que se identificaron una serie de retos y problemas en la Junta de Andaluc\u00eda, que pod\u00edan ser atendidos con\u2026","rel":"","context":"Entrada similar","block_context":{"text":"Entrada similar","link":""},"img":{"alt_text":"","src":"https:\/\/i0.wp.com\/ws168.juntadeandalucia.es\/iaap\/gestiondelconocimiento\/wp-content\/uploads\/sites\/10\/2020\/02\/human-3131802_1280-300x208.jpg?resize=350%2C200&ssl=1","width":350,"height":200},"classes":[]},{"id":418,"url":"https:\/\/ws168.juntadeandalucia.es\/iaap\/gestiondelconocimiento\/embajadores-del-conocimiento\/","url_meta":{"origin":2022,"position":4},"title":"Programa Embajadores\/as del Conocimiento","author":"","date":"16 junio, 2018","format":false,"excerpt":"Embajadores del Conocimiento es un programa que inici\u00f3 su andadura en mayo de 2017 y del que forman parte un grupo de empleadas y empleados p\u00fablicos con clara vocaci\u00f3n de servicio p\u00fablico. Este naci\u00f3 con la idea de establecer una red de personas que colaborar\u00e1n, de manera totalmente desinteresada, con\u2026","rel":"","context":"Entrada similar","block_context":{"text":"Entrada similar","link":""},"img":{"alt_text":"","src":"https:\/\/i0.wp.com\/ws168.juntadeandalucia.es\/iaap\/gestiondelconocimiento\/wp-content\/uploads\/sites\/10\/2020\/01\/Embajadores-del-Conocimiento.-IAAP.-Junta-de-Andaluc%C3%ADa.jpg?resize=350%2C200&ssl=1","width":350,"height":200,"srcset":"https:\/\/i0.wp.com\/ws168.juntadeandalucia.es\/iaap\/gestiondelconocimiento\/wp-content\/uploads\/sites\/10\/2020\/01\/Embajadores-del-Conocimiento.-IAAP.-Junta-de-Andaluc%C3%ADa.jpg?resize=350%2C200&ssl=1 1x, https:\/\/i0.wp.com\/ws168.juntadeandalucia.es\/iaap\/gestiondelconocimiento\/wp-content\/uploads\/sites\/10\/2020\/01\/Embajadores-del-Conocimiento.-IAAP.-Junta-de-Andaluc%C3%ADa.jpg?resize=525%2C300&ssl=1 1.5x, https:\/\/i0.wp.com\/ws168.juntadeandalucia.es\/iaap\/gestiondelconocimiento\/wp-content\/uploads\/sites\/10\/2020\/01\/Embajadores-del-Conocimiento.-IAAP.-Junta-de-Andaluc%C3%ADa.jpg?resize=700%2C400&ssl=1 2x, https:\/\/i0.wp.com\/ws168.juntadeandalucia.es\/iaap\/gestiondelconocimiento\/wp-content\/uploads\/sites\/10\/2020\/01\/Embajadores-del-Conocimiento.-IAAP.-Junta-de-Andaluc%C3%ADa.jpg?resize=1050%2C600&ssl=1 3x, https:\/\/i0.wp.com\/ws168.juntadeandalucia.es\/iaap\/gestiondelconocimiento\/wp-content\/uploads\/sites\/10\/2020\/01\/Embajadores-del-Conocimiento.-IAAP.-Junta-de-Andaluc%C3%ADa.jpg?resize=1400%2C800&ssl=1 4x"},"classes":[]},{"id":3215,"url":"https:\/\/ws168.juntadeandalucia.es\/iaap\/gestiondelconocimiento\/proyectos\/edicion-2019-2020-edicion-2019-2020\/gc11-encuentros-intergeneracionales\/entregables-proyecto-encuentros-intergeneracionales\/","url_meta":{"origin":2022,"position":5},"title":"Entregables Proyecto Encuentros Intergeneracionales","author":"","date":"11 enero, 2021","format":false,"excerpt":"Encuentros Intergeneracionales (edici\u00f3n 2019-2020) Este grupo, a lo largo del desarrollo del proyecto, ha generado diversos entregables. Toda la documentaci\u00f3n elaborada supone un aporte de valor y un contenidos muy \u00fatil para toda la Comunidad Educativa. Las gu\u00edas y la infograf\u00eda est\u00e1n principalmente dirigidas al grupo de profesionales que forman\u2026","rel":"","context":"Entrada similar","block_context":{"text":"Entrada similar","link":""},"img":{"alt_text":"","src":"https:\/\/i0.wp.com\/ws168.juntadeandalucia.es\/iaap\/gestiondelconocimiento\/wp-content\/uploads\/sites\/10\/2021\/01\/Gu%C3%ADa-Profesional-de-la-Medicina-Escolar.jpg?resize=350%2C200&ssl=1","width":350,"height":200,"srcset":"https:\/\/i0.wp.com\/ws168.juntadeandalucia.es\/iaap\/gestiondelconocimiento\/wp-content\/uploads\/sites\/10\/2021\/01\/Gu%C3%ADa-Profesional-de-la-Medicina-Escolar.jpg?resize=350%2C200&ssl=1 1x, https:\/\/i0.wp.com\/ws168.juntadeandalucia.es\/iaap\/gestiondelconocimiento\/wp-content\/uploads\/sites\/10\/2021\/01\/Gu%C3%ADa-Profesional-de-la-Medicina-Escolar.jpg?resize=525%2C300&ssl=1 1.5x"},"classes":[]}],"jetpack_likes_enabled":true,"_links":{"self":[{"href":"https:\/\/ws168.juntadeandalucia.es\/iaap\/gestiondelconocimiento\/wp-json\/wp\/v2\/pages\/2022","targetHints":{"allow":["GET"]}}],"collection":[{"href":"https:\/\/ws168.juntadeandalucia.es\/iaap\/gestiondelconocimiento\/wp-json\/wp\/v2\/pages"}],"about":[{"href":"https:\/\/ws168.juntadeandalucia.es\/iaap\/gestiondelconocimiento\/wp-json\/wp\/v2\/types\/page"}],"author":[{"embeddable":true,"href":"https:\/\/ws168.juntadeandalucia.es\/iaap\/gestiondelconocimiento\/wp-json\/wp\/v2\/users\/46"}],"replies":[{"embeddable":true,"href":"https:\/\/ws168.juntadeandalucia.es\/iaap\/gestiondelconocimiento\/wp-json\/wp\/v2\/comments?post=2022"}],"version-history":[{"count":2,"href":"https:\/\/ws168.juntadeandalucia.es\/iaap\/gestiondelconocimiento\/wp-json\/wp\/v2\/pages\/2022\/revisions"}],"predecessor-version":[{"id":2203,"href":"https:\/\/ws168.juntadeandalucia.es\/iaap\/gestiondelconocimiento\/wp-json\/wp\/v2\/pages\/2022\/revisions\/2203"}],"up":[{"embeddable":true,"href":"https:\/\/ws168.juntadeandalucia.es\/iaap\/gestiondelconocimiento\/wp-json\/wp\/v2\/pages\/2011"}],"wp:attachment":[{"href":"https:\/\/ws168.juntadeandalucia.es\/iaap\/gestiondelconocimiento\/wp-json\/wp\/v2\/media?parent=2022"}],"curies":[{"name":"wp","href":"https:\/\/api.w.org\/{rel}","templated":true}]}}