{"id":4046,"date":"2021-11-29T16:17:53","date_gmt":"2021-11-29T15:17:53","guid":{"rendered":"https:\/\/ws168.juntadeandalucia.es\/iaap\/gestiondelconocimiento\/?page_id=4046"},"modified":"2023-02-23T19:04:47","modified_gmt":"2023-02-23T18:04:47","slug":"casologia-en-la-junta-de-andalucia","status":"publish","type":"page","link":"https:\/\/ws168.juntadeandalucia.es\/iaap\/gestiondelconocimiento\/edicion-2020-2021\/casologia-en-la-junta-de-andalucia\/","title":{"rendered":"CASOLOG\u00cdA EN LA JUNTA DE ANDALUC\u00cdA"},"content":{"rendered":"<p><img fetchpriority=\"high\" decoding=\"async\" src=\"https:\/\/ws168.juntadeandalucia.es\/iaap\/gestiondelconocimiento\/wp-content\/uploads\/sites\/10\/2021\/11\/Diseno-sin-titulo-2-300x300.jpg\" alt=\"Grupo de Casolog\u00eda\" width=\"300\" height=\"300\" \/><\/p>\n<p style=\"text-align: justify\">El estudio de casos es un \u00a0m\u00e9todo de trabajo que pretende desarrollar un pensamiento\u00a0cr\u00edtico. \u00a0Se trata de un m\u00e9todo inductivo, basado en la experiencia. Pretende la\u00a0<strong>resoluci\u00f3n de problemas concretos, utilizando una informaci\u00f3n exhaustiva y compleja en un proceso de toma de decisiones<\/strong>.<\/p>\n<p style=\"text-align: justify\">Como\u00a0ver\u00e9is, desde el grupo de Casolog\u00eda se han dado cuenta de que no existen soluciones \u00fanicas sino m\u00faltiples y complejas.<\/p>\n<p style=\"text-align: justify\">En palabras de sus protagonistas:<\/p>\n<p style=\"text-align: justify\"><em>\u00abEl m\u00e9todo de estudio de casos, nos ha abierto los ojos y tambi\u00e9n nos ha cambiado la mirada. No hemos pretendido ense\u00f1ar verdades, sino ense\u00f1ar a pensar ante situaciones nuevas, enfrentando determinadas cuestiones en un ambiente cambiante, identificando relaciones de lo nuevo con lo anterior, transitando de unos modelos a otros en la atenci\u00f3n a la ciudadan\u00eda\u00bb.<\/em><\/p>\n<p style=\"text-align: justify\">Y ahora nos preguntan&#8230;<\/p>\n<p style=\"text-align: justify\"><em>\u00bfPodremos aplicar esto a nuestros puestos de trabajo dentro de la Administraci\u00f3n P\u00fablica andaluza?\u00bb.<\/em><\/p>\n<p style=\"text-align: justify\">Visualiza la\u00a0magn\u00edfica\u00a0presentaci\u00f3n de su proyecto de casolog\u00eda y saca tus\u00a0propias conclusiones&#8230;.<\/p>\n<div class=\"jetpack-video-wrapper\"><span class=\"embed-youtube\" style=\"text-align:center; display: block;\"><iframe class=\"youtube-player\" width=\"640\" height=\"360\" src=\"https:\/\/www.youtube.com\/embed\/VryMCcoupBk?version=3&#038;rel=1&#038;showsearch=0&#038;showinfo=1&#038;iv_load_policy=1&#038;fs=1&#038;hl=es-ES&#038;autohide=2&#038;wmode=transparent\" allowfullscreen=\"true\" style=\"border:0;\" sandbox=\"allow-scripts allow-same-origin allow-popups allow-presentation allow-popups-to-escape-sandbox\"><\/iframe><\/span><\/div>\n<p>Adem\u00e1s, puedes consultar el entregable fruto del trabajo del grupo de Cas\u00f3logos y Cas\u00f3logas. Nos dan pistas claras sobre qu\u00e9 es un estudio de casos y c\u00f3mo desarollarlo en nuestro \u00e1mbito de trabajo. En el siguiente enlace encontrar\u00e1s el manual:<\/p>\n<p><a href=\"https:\/\/drive.google.com\/file\/d\/1gElsc3utv2ExBMn6kY8UZGwkuWOSQvnE\/view?usp=sharing\" target=\"_blank\" rel=\"noopener\">GRUPO DE CASOLOG\u00cdA<\/a><\/p>\n","protected":false},"excerpt":{"rendered":"<p>El estudio de casos es un \u00a0m\u00e9todo de trabajo que pretende desarrollar un pensamiento\u00a0cr\u00edtico. \u00a0Se trata de un m\u00e9todo inductivo, basado en la experiencia. Pretende la\u00a0resoluci\u00f3n de problemas concretos, utilizando una informaci\u00f3n exhaustiva y compleja en un proceso de toma de decisiones. Como\u00a0ver\u00e9is, desde el grupo de Casolog\u00eda se han dado cuenta de que no [&hellip;]<\/p>\n","protected":false},"author":46,"featured_media":4065,"parent":3394,"menu_order":1,"comment_status":"closed","ping_status":"closed","template":"","meta":{"jetpack_post_was_ever_published":false,"footnotes":""},"class_list":["post-4046","page","type-page","status-publish","has-post-thumbnail","hentry"],"jetpack_sharing_enabled":true,"jetpack_shortlink":"https:\/\/wp.me\/P9W7Se-13g","jetpack-related-posts":[{"id":3258,"url":"https:\/\/ws168.juntadeandalucia.es\/iaap\/gestiondelconocimiento\/proyectos\/edicion-2019-2020-edicion-2019-2020\/gc13-creando-el-grupo-de-casologas-os\/estudios-de-casos\/","url_meta":{"origin":4046,"position":0},"title":"Estudios de casos","author":"","date":"20 mayo, 2021","format":false,"excerpt":"EL M\u00c9TODO DEL ESTUDIO DE CASOS EN LA JUNTA DE ANDALUC\u00cdA En el Marco del Programa Embajadores\/as del Conocimiento impulsado por el IAAP, se aloja el proyecto Estudio de Casos: creando el grupo de Cas\u00f3log@s, cuyo objetivo es acercar a la Administraci\u00f3n P\u00fablica de la Junta de Andaluc\u00eda la Metodolog\u00eda\u2026","rel":"","context":"Entrada similar","block_context":{"text":"Entrada similar","link":""},"img":{"alt_text":"","src":"https:\/\/i0.wp.com\/ws168.juntadeandalucia.es\/iaap\/gestiondelconocimiento\/wp-content\/uploads\/sites\/10\/2021\/05\/El-estudio-de-casos-e1621522767537.jpg?resize=350%2C200&ssl=1","width":350,"height":200,"srcset":"https:\/\/i0.wp.com\/ws168.juntadeandalucia.es\/iaap\/gestiondelconocimiento\/wp-content\/uploads\/sites\/10\/2021\/05\/El-estudio-de-casos-e1621522767537.jpg?resize=350%2C200&ssl=1 1x, https:\/\/i0.wp.com\/ws168.juntadeandalucia.es\/iaap\/gestiondelconocimiento\/wp-content\/uploads\/sites\/10\/2021\/05\/El-estudio-de-casos-e1621522767537.jpg?resize=525%2C300&ssl=1 1.5x, https:\/\/i0.wp.com\/ws168.juntadeandalucia.es\/iaap\/gestiondelconocimiento\/wp-content\/uploads\/sites\/10\/2021\/05\/El-estudio-de-casos-e1621522767537.jpg?resize=700%2C400&ssl=1 2x, https:\/\/i0.wp.com\/ws168.juntadeandalucia.es\/iaap\/gestiondelconocimiento\/wp-content\/uploads\/sites\/10\/2021\/05\/El-estudio-de-casos-e1621522767537.jpg?resize=1050%2C600&ssl=1 3x, https:\/\/i0.wp.com\/ws168.juntadeandalucia.es\/iaap\/gestiondelconocimiento\/wp-content\/uploads\/sites\/10\/2021\/05\/El-estudio-de-casos-e1621522767537.jpg?resize=1400%2C800&ssl=1 4x"},"classes":[]},{"id":1912,"url":"https:\/\/ws168.juntadeandalucia.es\/iaap\/gestiondelconocimiento\/proyectos\/edicion-2019-2020-edicion-2019-2020\/gc13-creando-el-grupo-de-casologas-os\/","url_meta":{"origin":4046,"position":1},"title":"GC12 &#8211; Creando el grupo de Cas\u00f3logas\/os (2019-20)","author":"beatrizsanchezgomez","date":"17 febrero, 2020","format":false,"excerpt":"Edici\u00f3n 2019-2020 DESCRIPCI\u00d3N Este proyecto surge en esta tercera edici\u00f3n del programa. Con el mismo se pretende elaborar\u00a0una metodolog\u00eda para sistematizar e inventariar casos (dificultades encontradas, problemas resueltos, etc.) en la Junta de Andaluc\u00eda. Porque el\u00a0estudio de casos es una herramienta muy potente para generar conocimiento a partir de experiencias\u2026","rel":"","context":"Entrada similar","block_context":{"text":"Entrada similar","link":""},"img":{"alt_text":"","src":"https:\/\/i0.wp.com\/ws168.juntadeandalucia.es\/iaap\/gestiondelconocimiento\/wp-content\/uploads\/sites\/10\/2020\/02\/search-768328_1280.png?resize=350%2C200&ssl=1","width":350,"height":200,"srcset":"https:\/\/i0.wp.com\/ws168.juntadeandalucia.es\/iaap\/gestiondelconocimiento\/wp-content\/uploads\/sites\/10\/2020\/02\/search-768328_1280.png?resize=350%2C200&ssl=1 1x, https:\/\/i0.wp.com\/ws168.juntadeandalucia.es\/iaap\/gestiondelconocimiento\/wp-content\/uploads\/sites\/10\/2020\/02\/search-768328_1280.png?resize=525%2C300&ssl=1 1.5x, https:\/\/i0.wp.com\/ws168.juntadeandalucia.es\/iaap\/gestiondelconocimiento\/wp-content\/uploads\/sites\/10\/2020\/02\/search-768328_1280.png?resize=700%2C400&ssl=1 2x, https:\/\/i0.wp.com\/ws168.juntadeandalucia.es\/iaap\/gestiondelconocimiento\/wp-content\/uploads\/sites\/10\/2020\/02\/search-768328_1280.png?resize=1050%2C600&ssl=1 3x"},"classes":[]},{"id":157,"url":"https:\/\/ws168.juntadeandalucia.es\/iaap\/gestiondelconocimiento\/proyectos\/","url_meta":{"origin":4046,"position":2},"title":"Ediciones","author":"","date":"21 mayo, 2018","format":false,"excerpt":"Gesti\u00f3n del Conocimiento s\u00ed, pero, \u00bfpara qu\u00e9?En 2017 se inicia la andadura en la disciplina de Gesti\u00f3n del Conocimiento en el IAAP, fijando un marco de referencia de base en el que se identificaron una serie de retos y problemas en la Junta de Andaluc\u00eda, que pod\u00edan ser atendidos con\u2026","rel":"","context":"Entrada similar","block_context":{"text":"Entrada similar","link":""},"img":{"alt_text":"","src":"https:\/\/i0.wp.com\/ws168.juntadeandalucia.es\/iaap\/gestiondelconocimiento\/wp-content\/uploads\/sites\/10\/2020\/02\/human-3131802_1280-300x208.jpg?resize=350%2C200&ssl=1","width":350,"height":200},"classes":[]},{"id":3394,"url":"https:\/\/ws168.juntadeandalucia.es\/iaap\/gestiondelconocimiento\/edicion-2020-2021\/","url_meta":{"origin":4046,"position":3},"title":"\u2014 EDICI\u00d3N 2020- 2021","author":"","date":"9 marzo, 2021","format":false,"excerpt":"\u00bfDe verdad quieres saber qu\u00e9 se ha hecho en cada uno de los proyectos de esta edici\u00f3n?Los proyectos que se han llevado a cabo en esta IV edici\u00f3n del programa Embajadores\/as del Conocimiento han sido los siguientes. Has clic en cada uno de ellos y conocer\u00e1s en qu\u00e9 han consistido:Revista\u2026","rel":"","context":"Entrada similar","block_context":{"text":"Entrada similar","link":""},"img":{"alt_text":"","src":"","width":0,"height":0},"classes":[]},{"id":973,"url":"https:\/\/ws168.juntadeandalucia.es\/iaap\/gestiondelconocimiento\/guia-abierta\/","url_meta":{"origin":4046,"position":4},"title":"Gu\u00eda de Gesti\u00f3n del Conocimiento","author":"","date":"11 agosto, 2019","format":false,"excerpt":"Gu\u00eda abierta sobre Gesti\u00f3n del Conocimiento A veces pensamos que nos gustar\u00eda cambiar las formas de hacer las cosas en nuestro trabajo. Creemos que es posible realizarlas con m\u00e1s eficacia, eficiencia, econom\u00eda y rapidez a como se vienen haciendo tradicionalmente. Si bien es cierto, que aunque tenemos muchas ideas que\u2026","rel":"","context":"Entrada similar","block_context":{"text":"Entrada similar","link":""},"img":{"alt_text":"","src":"https:\/\/i0.wp.com\/ws168.juntadeandalucia.es\/iaap\/gestiondelconocimiento\/wp-content\/uploads\/sites\/10\/2019\/08\/innovation-561388_1920.jpg?resize=350%2C200&ssl=1","width":350,"height":200,"srcset":"https:\/\/i0.wp.com\/ws168.juntadeandalucia.es\/iaap\/gestiondelconocimiento\/wp-content\/uploads\/sites\/10\/2019\/08\/innovation-561388_1920.jpg?resize=350%2C200&ssl=1 1x, https:\/\/i0.wp.com\/ws168.juntadeandalucia.es\/iaap\/gestiondelconocimiento\/wp-content\/uploads\/sites\/10\/2019\/08\/innovation-561388_1920.jpg?resize=525%2C300&ssl=1 1.5x, https:\/\/i0.wp.com\/ws168.juntadeandalucia.es\/iaap\/gestiondelconocimiento\/wp-content\/uploads\/sites\/10\/2019\/08\/innovation-561388_1920.jpg?resize=700%2C400&ssl=1 2x, https:\/\/i0.wp.com\/ws168.juntadeandalucia.es\/iaap\/gestiondelconocimiento\/wp-content\/uploads\/sites\/10\/2019\/08\/innovation-561388_1920.jpg?resize=1050%2C600&ssl=1 3x, https:\/\/i0.wp.com\/ws168.juntadeandalucia.es\/iaap\/gestiondelconocimiento\/wp-content\/uploads\/sites\/10\/2019\/08\/innovation-561388_1920.jpg?resize=1400%2C800&ssl=1 4x"},"classes":[]},{"id":944,"url":"https:\/\/ws168.juntadeandalucia.es\/iaap\/gestiondelconocimiento\/guia-abierta\/punto-5-dificultades-habituales\/","url_meta":{"origin":4046,"position":5},"title":"Punto 5. Dificultades habituales","author":"","date":"21 mayo, 2019","format":false,"excerpt":"Motivaci\u00f3n y compromisoComo ya hemos dejado entrever en el punto anterior, uno de los principales retos que tendr\u00e1s que afrontar si te embarcas en un proyecto de Gesti\u00f3n del Conocimiento es mantener a qui\u00e9nes participan en ellos \u201cenganchad@s\u201d desde el principio hasta el final. Si buscas qu\u00e9 significa motivaci\u00f3n en\u2026","rel":"","context":"Entrada similar","block_context":{"text":"Entrada similar","link":""},"img":{"alt_text":"","src":"https:\/\/i0.wp.com\/ws168.juntadeandalucia.es\/iaap\/gestiondelconocimiento\/wp-content\/uploads\/sites\/10\/2019\/08\/together-2643652_1920.jpg?resize=350%2C200&ssl=1","width":350,"height":200,"srcset":"https:\/\/i0.wp.com\/ws168.juntadeandalucia.es\/iaap\/gestiondelconocimiento\/wp-content\/uploads\/sites\/10\/2019\/08\/together-2643652_1920.jpg?resize=350%2C200&ssl=1 1x, https:\/\/i0.wp.com\/ws168.juntadeandalucia.es\/iaap\/gestiondelconocimiento\/wp-content\/uploads\/sites\/10\/2019\/08\/together-2643652_1920.jpg?resize=525%2C300&ssl=1 1.5x, https:\/\/i0.wp.com\/ws168.juntadeandalucia.es\/iaap\/gestiondelconocimiento\/wp-content\/uploads\/sites\/10\/2019\/08\/together-2643652_1920.jpg?resize=700%2C400&ssl=1 2x, https:\/\/i0.wp.com\/ws168.juntadeandalucia.es\/iaap\/gestiondelconocimiento\/wp-content\/uploads\/sites\/10\/2019\/08\/together-2643652_1920.jpg?resize=1050%2C600&ssl=1 3x, https:\/\/i0.wp.com\/ws168.juntadeandalucia.es\/iaap\/gestiondelconocimiento\/wp-content\/uploads\/sites\/10\/2019\/08\/together-2643652_1920.jpg?resize=1400%2C800&ssl=1 4x"},"classes":[]}],"jetpack_likes_enabled":true,"_links":{"self":[{"href":"https:\/\/ws168.juntadeandalucia.es\/iaap\/gestiondelconocimiento\/wp-json\/wp\/v2\/pages\/4046","targetHints":{"allow":["GET"]}}],"collection":[{"href":"https:\/\/ws168.juntadeandalucia.es\/iaap\/gestiondelconocimiento\/wp-json\/wp\/v2\/pages"}],"about":[{"href":"https:\/\/ws168.juntadeandalucia.es\/iaap\/gestiondelconocimiento\/wp-json\/wp\/v2\/types\/page"}],"author":[{"embeddable":true,"href":"https:\/\/ws168.juntadeandalucia.es\/iaap\/gestiondelconocimiento\/wp-json\/wp\/v2\/users\/46"}],"replies":[{"embeddable":true,"href":"https:\/\/ws168.juntadeandalucia.es\/iaap\/gestiondelconocimiento\/wp-json\/wp\/v2\/comments?post=4046"}],"version-history":[{"count":34,"href":"https:\/\/ws168.juntadeandalucia.es\/iaap\/gestiondelconocimiento\/wp-json\/wp\/v2\/pages\/4046\/revisions"}],"predecessor-version":[{"id":4260,"href":"https:\/\/ws168.juntadeandalucia.es\/iaap\/gestiondelconocimiento\/wp-json\/wp\/v2\/pages\/4046\/revisions\/4260"}],"up":[{"embeddable":true,"href":"https:\/\/ws168.juntadeandalucia.es\/iaap\/gestiondelconocimiento\/wp-json\/wp\/v2\/pages\/3394"}],"wp:featuredmedia":[{"embeddable":true,"href":"https:\/\/ws168.juntadeandalucia.es\/iaap\/gestiondelconocimiento\/wp-json\/wp\/v2\/media\/4065"}],"wp:attachment":[{"href":"https:\/\/ws168.juntadeandalucia.es\/iaap\/gestiondelconocimiento\/wp-json\/wp\/v2\/media?parent=4046"}],"curies":[{"name":"wp","href":"https:\/\/api.w.org\/{rel}","templated":true}]}}