{"id":4103,"date":"2021-11-29T16:44:00","date_gmt":"2021-11-29T15:44:00","guid":{"rendered":"https:\/\/ws168.juntadeandalucia.es\/iaap\/gestiondelconocimiento\/?page_id=4103"},"modified":"2021-12-22T11:07:45","modified_gmt":"2021-12-22T10:07:45","slug":"implantando-la-cultura-audiovisual","status":"publish","type":"page","link":"https:\/\/ws168.juntadeandalucia.es\/iaap\/gestiondelconocimiento\/edicion-2020-2021\/implantando-la-cultura-audiovisual\/","title":{"rendered":"IMPLANTANDO LA CULTURA AUDIOVISUAL"},"content":{"rendered":"<p><img fetchpriority=\"high\" decoding=\"async\" src=\"https:\/\/ws168.juntadeandalucia.es\/iaap\/gestiondelconocimiento\/wp-content\/uploads\/sites\/10\/2021\/11\/Captura-de-pantalla-2021-11-29-a-las-16.34.41-768x402.jpg\" alt=\"\" width=\"640\" height=\"335\" \/><\/p>\n<p>Este es el tercer a\u00f1o que se desarrolla este proyecto, y en esta ocasi\u00f3n, se ha centrado en Sierra Nevada. Las personas integrantes de este grupo han querido fomentar la seguridad en el acceso a la sierra a trav\u00e9s de distintas p\u00edldoras audiovisuales con las que se presenta un conocimiento experto y muchos tips de protecci\u00f3n y seguridad.<\/p>\n<p>Puedes ver la presentaci\u00f3n de este proyecto en la IV Jornada de Gesti\u00f3n del Conocimiento en la Junta de Andaluc\u00eda, a continuaci\u00f3n:<\/p>\n<div class=\"jetpack-video-wrapper\"><span class=\"embed-youtube\" style=\"text-align:center; display: block;\"><iframe class=\"youtube-player\" width=\"640\" height=\"360\" src=\"https:\/\/www.youtube.com\/embed\/UuC-kTPisoM?version=3&#038;rel=1&#038;showsearch=0&#038;showinfo=1&#038;iv_load_policy=1&#038;fs=1&#038;hl=es-ES&#038;autohide=2&#038;wmode=transparent\" allowfullscreen=\"true\" style=\"border:0;\" sandbox=\"allow-scripts allow-same-origin allow-popups allow-presentation allow-popups-to-escape-sandbox\"><\/iframe><\/span><\/div>\n<p>El resultado de este trabajo, con un formato\u00a0visual y amigable se puede consultar a continuaci\u00f3n:<\/p>\n<ul>\n<li><a href=\"https:\/\/view.genial.ly\/6149f82a963c070dcb4cdebe\" target=\"_blank\" rel=\"noopener\">Desarrollo del proyecto<\/a><\/li>\n<li><a href=\"https:\/\/view.genial.ly\/61483470263b420df7cd151d\" target=\"_blank\" rel=\"noopener\">Nueva ficha de seguridad para Espacio Protegido de Sierra Nevada<\/a><\/li>\n<\/ul>\n","protected":false},"excerpt":{"rendered":"<p>Este es el tercer a\u00f1o que se desarrolla este proyecto, y en esta ocasi\u00f3n, se ha centrado en Sierra Nevada. Las personas integrantes de este grupo han querido fomentar la seguridad en el acceso a la sierra a trav\u00e9s de distintas p\u00edldoras audiovisuales con las que se presenta un conocimiento experto y muchos tips de [&hellip;]<\/p>\n","protected":false},"author":46,"featured_media":0,"parent":3394,"menu_order":3,"comment_status":"closed","ping_status":"closed","template":"","meta":{"jetpack_post_was_ever_published":false,"footnotes":""},"class_list":["post-4103","page","type-page","status-publish","hentry"],"jetpack_sharing_enabled":true,"jetpack_shortlink":"https:\/\/wp.me\/P9W7Se-14b","jetpack-related-posts":[{"id":1903,"url":"https:\/\/ws168.juntadeandalucia.es\/iaap\/gestiondelconocimiento\/proyectos\/edicion-2019-2020-edicion-2019-2020\/gc11-encuentros-intergeneracionales\/","url_meta":{"origin":4103,"position":0},"title":"GC11 &#8211; Encuentros Intergeneracionales (2019-20)","author":"beatrizsanchezgomez","date":"17 febrero, 2020","format":false,"excerpt":"Edici\u00f3n 2019-2020DESCRIPCI\u00d3NEste proyecto que surge en la tercera edici\u00f3n del programa del IAAP Embajadores del Conocimiento. Se trata de llevar a cabo encuentros entre personas pr\u00f3ximas a la jubilaci\u00f3n con un conocimiento destacado y personas que deban ser destinatarias de ese conocimiento.\u00a0Para ello se partir\u00e1 como modelo, del \"I encuentro\u2026","rel":"","context":"Entrada similar","block_context":{"text":"Entrada similar","link":""},"img":{"alt_text":"","src":"https:\/\/i0.wp.com\/ws168.juntadeandalucia.es\/iaap\/gestiondelconocimiento\/wp-content\/uploads\/sites\/10\/2020\/01\/Generacional2.jpg?resize=350%2C200&ssl=1","width":350,"height":200},"classes":[]},{"id":944,"url":"https:\/\/ws168.juntadeandalucia.es\/iaap\/gestiondelconocimiento\/guia-abierta\/punto-5-dificultades-habituales\/","url_meta":{"origin":4103,"position":1},"title":"Punto 5. Dificultades habituales","author":"","date":"21 mayo, 2019","format":false,"excerpt":"Motivaci\u00f3n y compromisoComo ya hemos dejado entrever en el punto anterior, uno de los principales retos que tendr\u00e1s que afrontar si te embarcas en un proyecto de Gesti\u00f3n del Conocimiento es mantener a qui\u00e9nes participan en ellos \u201cenganchad@s\u201d desde el principio hasta el final. Si buscas qu\u00e9 significa motivaci\u00f3n en\u2026","rel":"","context":"Entrada similar","block_context":{"text":"Entrada similar","link":""},"img":{"alt_text":"","src":"https:\/\/i0.wp.com\/ws168.juntadeandalucia.es\/iaap\/gestiondelconocimiento\/wp-content\/uploads\/sites\/10\/2019\/08\/together-2643652_1920.jpg?resize=350%2C200&ssl=1","width":350,"height":200,"srcset":"https:\/\/i0.wp.com\/ws168.juntadeandalucia.es\/iaap\/gestiondelconocimiento\/wp-content\/uploads\/sites\/10\/2019\/08\/together-2643652_1920.jpg?resize=350%2C200&ssl=1 1x, https:\/\/i0.wp.com\/ws168.juntadeandalucia.es\/iaap\/gestiondelconocimiento\/wp-content\/uploads\/sites\/10\/2019\/08\/together-2643652_1920.jpg?resize=525%2C300&ssl=1 1.5x, https:\/\/i0.wp.com\/ws168.juntadeandalucia.es\/iaap\/gestiondelconocimiento\/wp-content\/uploads\/sites\/10\/2019\/08\/together-2643652_1920.jpg?resize=700%2C400&ssl=1 2x, https:\/\/i0.wp.com\/ws168.juntadeandalucia.es\/iaap\/gestiondelconocimiento\/wp-content\/uploads\/sites\/10\/2019\/08\/together-2643652_1920.jpg?resize=1050%2C600&ssl=1 3x, https:\/\/i0.wp.com\/ws168.juntadeandalucia.es\/iaap\/gestiondelconocimiento\/wp-content\/uploads\/sites\/10\/2019\/08\/together-2643652_1920.jpg?resize=1400%2C800&ssl=1 4x"},"classes":[]},{"id":4074,"url":"https:\/\/ws168.juntadeandalucia.es\/iaap\/gestiondelconocimiento\/edicion-2020-2021\/identificacion-del-conocimiento-critico\/","url_meta":{"origin":4103,"position":2},"title":"IDENTIFICACI\u00d3N DEL CONOCIMIENTO CR\u00cdTICO","author":"beatrizsanchezgomez","date":"7 diciembre, 2021","format":false,"excerpt":"LOS MAPAS DE CONOCIMIENTO CR\u00cdTICO EN LA JUNTA DE ANDALUC\u00cdA Este proyecto evidencia que el necesario cambio en la Administraci\u00f3n en general y en la Junta de Andaluc\u00eda en particular es posible. No se necesita solo un cambio normativo y tecnol\u00f3gico, sino con mayor prioridad, un cambio cultural. Este cambio\u2026","rel":"","context":"Entrada similar","block_context":{"text":"Entrada similar","link":""},"img":{"alt_text":"","src":"https:\/\/i0.wp.com\/ws168.juntadeandalucia.es\/iaap\/gestiondelconocimiento\/wp-content\/uploads\/sites\/10\/2021\/11\/gotas-oro-manchas-aceite.jpg?resize=350%2C200&ssl=1","width":350,"height":200,"srcset":"https:\/\/i0.wp.com\/ws168.juntadeandalucia.es\/iaap\/gestiondelconocimiento\/wp-content\/uploads\/sites\/10\/2021\/11\/gotas-oro-manchas-aceite.jpg?resize=350%2C200&ssl=1 1x, https:\/\/i0.wp.com\/ws168.juntadeandalucia.es\/iaap\/gestiondelconocimiento\/wp-content\/uploads\/sites\/10\/2021\/11\/gotas-oro-manchas-aceite.jpg?resize=525%2C300&ssl=1 1.5x"},"classes":[]},{"id":1908,"url":"https:\/\/ws168.juntadeandalucia.es\/iaap\/gestiondelconocimiento\/proyectos\/edicion-2019-2020-edicion-2019-2020\/gc10-comunicacion-y-difusion-de-la-gestion-del-conocimiento\/","url_meta":{"origin":4103,"position":3},"title":"GC10 &#8211; Comunicaci\u00f3n y difusi\u00f3n de la Gesti\u00f3n del Conocimiento (2019-20)","author":"beatrizsanchezgomez","date":"17 febrero, 2020","format":false,"excerpt":"DESCRIPCI\u00d3N Este proyecto surge en la tercera edici\u00f3n del programa. Se trata de un proyecto concebido para difundir la disciplina de la Gesti\u00f3n del Conocimiento entre las personas que trabajan en la Junta de Andaluc\u00eda. \u00a0OBJETIVOS: \u2022\u00a0 Descubrir las tendencias en la disciplina de Gesti\u00f3n del Conocimiento a nivel nacional\u2026","rel":"","context":"Entrada similar","block_context":{"text":"Entrada similar","link":""},"img":{"alt_text":"Equipo GC10","src":"https:\/\/i0.wp.com\/ws168.juntadeandalucia.es\/iaap\/gestiondelconocimiento\/wp-content\/uploads\/sites\/10\/2020\/01\/Comunicaci%C3%B3n.jpg?resize=350%2C200&ssl=1","width":350,"height":200},"classes":[]},{"id":1020,"url":"https:\/\/ws168.juntadeandalucia.es\/iaap\/gestiondelconocimiento\/guia-abierta\/punto-2-tienes-un-proyecto-de-gestion-del-conocimiento-o-quieres-formar-parte-de-uno\/","url_meta":{"origin":4103,"position":4},"title":"Punto 2. \u00bfTienes un proyecto de gesti\u00f3n del conocimiento o quieres formar parte de uno?","author":"","date":"13 agosto, 2019","format":false,"excerpt":"Ante un contexto complejo y cambiante como el que atravesamos, se necesita mucho m\u00e1s conocimiento para dise\u00f1ar procesos y servicios que hagan un uso inteligente de las TIC, que permita establecer nuevas formas de comunicaci\u00f3n y relaci\u00f3n con la ciudadan\u00eda a la que se ofrezca respuestas efectivas a sus principales\u2026","rel":"","context":"Entrada similar","block_context":{"text":"Entrada similar","link":""},"img":{"alt_text":"","src":"https:\/\/i0.wp.com\/ws168.juntadeandalucia.es\/iaap\/gestiondelconocimiento\/wp-content\/uploads\/sites\/10\/2019\/08\/smilie-495999_1920.jpg?resize=350%2C200&ssl=1","width":350,"height":200,"srcset":"https:\/\/i0.wp.com\/ws168.juntadeandalucia.es\/iaap\/gestiondelconocimiento\/wp-content\/uploads\/sites\/10\/2019\/08\/smilie-495999_1920.jpg?resize=350%2C200&ssl=1 1x, https:\/\/i0.wp.com\/ws168.juntadeandalucia.es\/iaap\/gestiondelconocimiento\/wp-content\/uploads\/sites\/10\/2019\/08\/smilie-495999_1920.jpg?resize=525%2C300&ssl=1 1.5x, https:\/\/i0.wp.com\/ws168.juntadeandalucia.es\/iaap\/gestiondelconocimiento\/wp-content\/uploads\/sites\/10\/2019\/08\/smilie-495999_1920.jpg?resize=700%2C400&ssl=1 2x, https:\/\/i0.wp.com\/ws168.juntadeandalucia.es\/iaap\/gestiondelconocimiento\/wp-content\/uploads\/sites\/10\/2019\/08\/smilie-495999_1920.jpg?resize=1050%2C600&ssl=1 3x, https:\/\/i0.wp.com\/ws168.juntadeandalucia.es\/iaap\/gestiondelconocimiento\/wp-content\/uploads\/sites\/10\/2019\/08\/smilie-495999_1920.jpg?resize=1400%2C800&ssl=1 4x"},"classes":[]},{"id":942,"url":"https:\/\/ws168.juntadeandalucia.es\/iaap\/gestiondelconocimiento\/guia-abierta\/punto-4-desarrollo-de-proyectos-de-gestion-del-conocimiento\/","url_meta":{"origin":4103,"position":5},"title":"Punto 4. Desarrollo de proyectos de Gesti\u00f3n del Conocimiento","author":"","date":"21 mayo, 2019","format":false,"excerpt":"\u00bfC\u00f3mo lo desarrollamos? El durante Formar el equipo de trabajo Son varias, y contundentes, las razones por las cuales formar un equipo de trabajo constituye una de las claves del \u00e9xito en cualquier proyecto profesional y, especialmente, en uno dedicado a la Gesti\u00f3n del Conocimiento. Sin \u00e1nimo de ser exhaustivos,\u2026","rel":"","context":"Entrada similar","block_context":{"text":"Entrada similar","link":""},"img":{"alt_text":"","src":"https:\/\/i0.wp.com\/ws168.juntadeandalucia.es\/iaap\/gestiondelconocimiento\/wp-content\/uploads\/sites\/10\/2019\/08\/group-3014157_1920.jpg?resize=350%2C200&ssl=1","width":350,"height":200,"srcset":"https:\/\/i0.wp.com\/ws168.juntadeandalucia.es\/iaap\/gestiondelconocimiento\/wp-content\/uploads\/sites\/10\/2019\/08\/group-3014157_1920.jpg?resize=350%2C200&ssl=1 1x, https:\/\/i0.wp.com\/ws168.juntadeandalucia.es\/iaap\/gestiondelconocimiento\/wp-content\/uploads\/sites\/10\/2019\/08\/group-3014157_1920.jpg?resize=525%2C300&ssl=1 1.5x, https:\/\/i0.wp.com\/ws168.juntadeandalucia.es\/iaap\/gestiondelconocimiento\/wp-content\/uploads\/sites\/10\/2019\/08\/group-3014157_1920.jpg?resize=700%2C400&ssl=1 2x, https:\/\/i0.wp.com\/ws168.juntadeandalucia.es\/iaap\/gestiondelconocimiento\/wp-content\/uploads\/sites\/10\/2019\/08\/group-3014157_1920.jpg?resize=1050%2C600&ssl=1 3x, https:\/\/i0.wp.com\/ws168.juntadeandalucia.es\/iaap\/gestiondelconocimiento\/wp-content\/uploads\/sites\/10\/2019\/08\/group-3014157_1920.jpg?resize=1400%2C800&ssl=1 4x"},"classes":[]}],"jetpack_likes_enabled":true,"_links":{"self":[{"href":"https:\/\/ws168.juntadeandalucia.es\/iaap\/gestiondelconocimiento\/wp-json\/wp\/v2\/pages\/4103","targetHints":{"allow":["GET"]}}],"collection":[{"href":"https:\/\/ws168.juntadeandalucia.es\/iaap\/gestiondelconocimiento\/wp-json\/wp\/v2\/pages"}],"about":[{"href":"https:\/\/ws168.juntadeandalucia.es\/iaap\/gestiondelconocimiento\/wp-json\/wp\/v2\/types\/page"}],"author":[{"embeddable":true,"href":"https:\/\/ws168.juntadeandalucia.es\/iaap\/gestiondelconocimiento\/wp-json\/wp\/v2\/users\/46"}],"replies":[{"embeddable":true,"href":"https:\/\/ws168.juntadeandalucia.es\/iaap\/gestiondelconocimiento\/wp-json\/wp\/v2\/comments?post=4103"}],"version-history":[{"count":9,"href":"https:\/\/ws168.juntadeandalucia.es\/iaap\/gestiondelconocimiento\/wp-json\/wp\/v2\/pages\/4103\/revisions"}],"predecessor-version":[{"id":4261,"href":"https:\/\/ws168.juntadeandalucia.es\/iaap\/gestiondelconocimiento\/wp-json\/wp\/v2\/pages\/4103\/revisions\/4261"}],"up":[{"embeddable":true,"href":"https:\/\/ws168.juntadeandalucia.es\/iaap\/gestiondelconocimiento\/wp-json\/wp\/v2\/pages\/3394"}],"wp:attachment":[{"href":"https:\/\/ws168.juntadeandalucia.es\/iaap\/gestiondelconocimiento\/wp-json\/wp\/v2\/media?parent=4103"}],"curies":[{"name":"wp","href":"https:\/\/api.w.org\/{rel}","templated":true}]}}

<p><img fetchpriority="high" decoding="async" src="https://ws168.juntadeandalucia.es/iaap/gestiondelconocimiento/wp-content/uploads/sites/10/2021/11/Captura-de-pantalla-2021-11-29-a-las-16.34.41-768x402.jpg" alt="" width="640" height="335" /></p>
<p>Este es el tercer año que se desarrolla este proyecto, y en esta ocasión, se ha centrado en Sierra Nevada. Las personas integrantes de este grupo han querido fomentar la seguridad en el acceso a la sierra a través de distintas píldoras audiovisuales con las que se presenta un conocimiento experto y muchos tips de protección y seguridad.</p>
<p>Puedes ver la presentación de este proyecto en la IV Jornada de Gestión del Conocimiento en la Junta de Andalucía, a continuación:</p>
<div class="jetpack-video-wrapper"><span class="embed-youtube" style="text-align:center; display: block;"><iframe class="youtube-player" width="640" height="360" src="https://www.youtube.com/embed/UuC-kTPisoM?version=3&#038;rel=1&#038;showsearch=0&#038;showinfo=1&#038;iv_load_policy=1&#038;fs=1&#038;hl=es-ES&#038;autohide=2&#038;wmode=transparent" allowfullscreen="true" style="border:0;" sandbox="allow-scripts allow-same-origin allow-popups allow-presentation allow-popups-to-escape-sandbox"></iframe></span></div>
<p>El resultado de este trabajo, con un formato visual y amigable se puede consultar a continuación:</p>
<ul>
<li><a href="https://view.genial.ly/6149f82a963c070dcb4cdebe" target="_blank" rel="noopener">Desarrollo del proyecto</a></li>
<li><a href="https://view.genial.ly/61483470263b420df7cd151d" target="_blank" rel="noopener">Nueva ficha de seguridad para Espacio Protegido de Sierra Nevada</a></li>
</ul>

<p>Este es el tercer año que se desarrolla este proyecto, y en esta ocasión, se ha centrado en Sierra Nevada. Las personas integrantes de este grupo han querido fomentar la seguridad en el acceso a la sierra a través de distintas píldoras audiovisuales con las que se presenta un conocimiento experto y muchos tips de [&hellip;]</p>

Edición 2019-2020DESCRIPCIÓNEste proyecto que surge en la tercera edición del programa del IAAP Embajadores del Conocimiento. Se trata de llevar a cabo encuentros entre personas próximas a la jubilación con un conocimiento destacado y personas que deban ser destinatarias de ese conocimiento. Para ello se partirá como modelo, del "I encuentro…

Motivación y compromisoComo ya hemos dejado entrever en el punto anterior, uno de los principales retos que tendrás que afrontar si te embarcas en un proyecto de Gestión del Conocimiento es mantener a quiénes participan en ellos “enganchad@s” desde el principio hasta el final. Si buscas qué significa motivación en…

IDENTIFICACIÓN DEL CONOCIMIENTO CRÍTICO

LOS MAPAS DE CONOCIMIENTO CRÍTICO EN LA JUNTA DE ANDALUCÍA Este proyecto evidencia que el necesario cambio en la Administración en general y en la Junta de Andalucía en particular es posible. No se necesita solo un cambio normativo y tecnológico, sino con mayor prioridad, un cambio cultural. Este cambio…

GC10 &#8211; Comunicación y difusión de la Gestión del Conocimiento (2019-20)

DESCRIPCIÓN Este proyecto surge en la tercera edición del programa. Se trata de un proyecto concebido para difundir la disciplina de la Gestión del Conocimiento entre las personas que trabajan en la Junta de Andalucía.  OBJETIVOS: •  Descubrir las tendencias en la disciplina de Gestión del Conocimiento a nivel nacional…

Punto 2. ¿Tienes un proyecto de gestión del conocimiento o quieres formar parte de uno?

Ante un contexto complejo y cambiante como el que atravesamos, se necesita mucho más conocimiento para diseñar procesos y servicios que hagan un uso inteligente de las TIC, que permita establecer nuevas formas de comunicación y relación con la ciudadanía a la que se ofrezca respuestas efectivas a sus principales…

Punto 4. Desarrollo de proyectos de Gestión del Conocimiento

¿Cómo lo desarrollamos? El durante Formar el equipo de trabajo Son varias, y contundentes, las razones por las cuales formar un equipo de trabajo constituye una de las claves del éxito en cualquier proyecto profesional y, especialmente, en uno dedicado a la Gestión del Conocimiento. Sin ánimo de ser exhaustivos,…
