{"id":4280,"date":"2022-02-22T10:16:06","date_gmt":"2022-02-22T09:16:06","guid":{"rendered":"https:\/\/ws168.juntadeandalucia.es\/iaap\/gestiondelconocimiento\/?page_id=4280"},"modified":"2024-02-06T11:09:45","modified_gmt":"2024-02-06T10:09:45","slug":"accesibilidad","status":"publish","type":"page","link":"https:\/\/ws168.juntadeandalucia.es\/iaap\/gestiondelconocimiento\/accesibilidad\/","title":{"rendered":"Accesibilidad"},"content":{"rendered":"\t\t<div data-elementor-type=\"wp-page\" data-elementor-id=\"4280\" class=\"elementor elementor-4280\">\n\t\t\t\t\t\t<section class=\"elementor-section elementor-top-section elementor-element elementor-element-2842b01a elementor-section-boxed elementor-section-height-default elementor-section-height-default\" data-id=\"2842b01a\" data-element_type=\"section\" data-e-type=\"section\">\n\t\t\t\t\t\t<div class=\"elementor-container elementor-column-gap-default\">\n\t\t\t\t\t<div class=\"elementor-column elementor-col-100 elementor-top-column elementor-element elementor-element-1705c66b\" data-id=\"1705c66b\" data-element_type=\"column\" data-e-type=\"column\">\n\t\t\t<div class=\"elementor-widget-wrap elementor-element-populated\">\n\t\t\t\t\t\t<div class=\"elementor-element elementor-element-45e9b5d3 elementor-widget elementor-widget-text-editor\" data-id=\"45e9b5d3\" data-element_type=\"widget\" data-e-type=\"widget\" data-widget_type=\"text-editor.default\">\n\t\t\t\t<div class=\"elementor-widget-container\">\n\t\t\t\t\t\t\t\t\t<!DOCTYPE html>\n<html lang=\"es\">\n<head>\n\t<meta charset=\"utf-8\"\/>\n\t<title>Declaraci\u00f3n de Accesibilidad del sitio web IAAP &#8211; Gesti\u00f3n del Conocimiento<\/title>\n<\/head>\n\n<body>\n\t<h2>Declaraci\u00f3n de Accesibilidad del sitio web IAAP &#8211; Gesti\u00f3n del Conocimiento<\/h2>\n\t\n\t<p>\n\t\tLa Consejer\u00eda de la Presidencia, Administraci\u00f3n P\u00fablica e Interior de la Junta de Andaluc\u00eda se ha\n\t\tcomprometido a hacer accesibles sus sitios web y sus aplicaciones para dispositivos m\u00f3viles, de\n\t\tconformidad con el Real Decreto 1112\/2018 sobre Accesibilidad de los Sitios Web y Aplicaciones\n\t\tM\u00f3viles del Sector P\u00fablico, que traspone la Directiva (UE) 2016\/2102 del Parlamento Europeo y del\n\t\tConsejo (en adelante RD 1112\/2018).\n\t<\/p>\n\t\n\t<p>\n\t\tLa presente declaraci\u00f3n de accesibilidad se aplica al sitio web <strong>IAAP &#8211; Gesti\u00f3n del Conocimiento<\/strong> que est\u00e1 publicado en \n\t\t<a href=\"\/iaap\/gestiondelconocimiento\/\">https:\/\/ws168.juntadeandalucia.es\/iaap\/gestiondelconocimiento\/<\/a>\n\t<\/p>\n\t\n\t<h3>Situaci\u00f3n de cumplimiento<\/h3>\n\t\n\t<p>\n\t\tEste sitio web es parcialmente conforme con el RD 1112\/2018 debido a las excepciones y a la falta\n\t\tde conformidad de los aspectos que se indican a continuaci\u00f3n.\n\t<\/p>\n\t\n\t<h3>Contenido no accesible<\/h3>\n\t\n\t<p>El contenido que se recoge a continuaci\u00f3n no es accesible por lo siguiente:<\/p>\n\t\n\t<ol type=\"a\">\n\t\t<li>Falta de conformidad con el Real Decreto 1112\/2018\n\t\t\t<ul>\n\t\t\t\t<li>Se detecta que existe contenido no textual sin una alternativa textual que proporcione la misma informaci\u00f3n<\/li>\n\t\t\t\t<li>Se detecta que existe una tabla la cual pierde el sentido cuando se lee de forma lineal<\/li>\n\t\t\t\t<li>Se detecta que existen elementos de interfaz de usuario que dependen \u00fanicamente sus caracter\u00edsticas sensoriales para ser entendidos y operados<\/li>\n\t\t\t\t<li>Se detecta que existen enlaces que se no se diferencian del texto que los rodea mediante el color o emplean pistas visuales adicionales<\/li>\n\t\t\t\t<li>Se detecta que existe texto con un contraste insuficuente con respecto al fondo<\/li>\n\t\t\t\t<li>Se detecta que en los formularios, el texto visible que act\u00faa como etiqueta no forma parte de su nombre accesible<\/li>\n\t\t\t\t<li>Se detecta que no se identifican los campos obligatorios de un formulario<\/li>\n\t\t\t\t<li>Se detecta que existen elementos de la interfaz de usuario que no son reconocibles por los productos de apoyo<\/li>\t\t\t\n\t\t\t<\/ul>\t\t\n\t\t<\/li>\n\t\t<li>Carga desproporcionada\n\t\t\t<ul>\n\t\t\t\t<li>No aplica.<\/li>\n\t\t\t<\/ul>\t\t\n\t\t<\/li>\n\t\t\n\t\t<li>El contenido no entra dentro del \u00e1mbito de la legislaci\u00f3n aplicable\n\t\t\t<ul>\n\t\t\t\t<li>No aplica.<\/li>\n\t\t\t<\/ul>\t\t\n\t\t<\/li>\t\n\t<\/ol>\n\t\n\t<h3>Preparaci\u00f3n de la presente declaraci\u00f3n de accesibilidad<\/h3>\n\t\n\t<p>La presente declaraci\u00f3n fue preparada el 20\/01\/2022.<\/p>\n\t\n\t<p>\n\t\tLa presente declaraci\u00f3n ha sido elaborada en base a una revisi\u00f3n del nivel de accesibilidad de este\n\t\tsitio web, llevada a cabo por el Servicio de Inform\u00e1tica a trav\u00e9s de su Oficina de Calidad.\n\t<\/p>\n\t\t\n\t<p>Se ha realizado la certificaci\u00f3n aplicando el siguiente procedimiento:<\/p>\n\t\n\t<ul>\n\t\t<li>Se han analizado p\u00e1ginas significativas del sitio web haciendo uso del servicio online b\u00e1sico\n\t\t\tde diagn\u00f3stico de la accesibilidad web del Observatorio de Accesibilidad del Ministerio de\n\t\t\tAsuntos Econ\u00f3micos y Transformaci\u00f3n Digital y se han analizado sus resultados. Debe\n\t\t\ttenerse en cuenta que este servicio online, a fecha de la ejecuci\u00f3n de la revisi\u00f3n, analiza el\n\t\t\tcumplimiento de la norma UNE-EN 301 549 V1.1.2:2015\n\t\t<\/li>\n\t\t\n\t\t<li>Se han analizado las mismas p\u00e1ginas con herramientas que verifican la WCAG2.1<\/li>\n\t\t\n\t\t<li>Se han unificado los resultados obtenidos, indicando en el contenido NO accesible de este documento los incumplimientos a la Norma.<\/li>\t\n\t<\/ul>\n\t\n\t<p>\u00daltima revisi\u00f3n de la declaraci\u00f3n: 20\/01\/2021<\/p>\n\t\n\t<h3>Observaciones y datos de contacto<\/h3>\n\t\n\t<p>Puede realizar comunicaciones sobre requisitos de accesibilidad (art\u00edculo 10.2.a) del RD 1112\/2018, como por ejemplo:<\/p>\n\t\n\t<ul>\n\t\t<li>Informar sobre cualquier posible incumplimiento por parte de este sitio web.<\/li>\n\t\t<li>Transmitir otras dificultades de acceso al contenido.<\/li>\n\t\t<li>Formular cualquier otra consulta o sugerencia de mejora relativa a la accesibilidad de la aplicaci\u00f3n m\u00f3vil a trav\u00e9s de los siguientes medios:<\/li>\n\t\t\n\t\t<li>Enviar un correo electr\u00f3nico a la direcci\u00f3n <a href=\"mailto:accesibilidad.iaap@juntadeandalucia.es\">accesibilidad.iaap@juntadeandalucia.es<\/a>.<\/li>\n\t\t\n\t\t<li>\n\t\t\tPresentar un escrito por cualquiera de los medios establecidos en el art\u00edculo 16.4 de\n\t\t\tla Ley 39\/2015, de 1 de octubre, del Procedimiento Administrativo Com\u00fan de las\n\t\t\tAdministraciones P\u00fablicas. En particular, las personas f\u00edsicas podr\u00e1n presentarlo en\n\t\t\tcualquier oficina de asistencia en materia de registro. Este escrito deber\u00e1 ir dirigido\n\t\t\tal IAAP Servicio de Documentaci\u00f3n y Publicaciones, Consejer\u00eda de la Presidencia,\n\t\t\tAdministraci\u00f3n P\u00fablica e Interior, Junta de Andaluc\u00eda.\n\t\t<\/li>\n\t\t\n\t\t<li>Direcci\u00f3n f\u00edsica: Calle Torneo, n\u00ba 26. 41002 Sevilla.<\/li>\n\t<\/ul>\n\t\n\t<p>Las comunicaciones ser\u00e1n recibidas y tratadas por el IAAP Servicio de Documentaci\u00f3n y Publicaciones.<\/p>\n\t\n\t<p>Tambi\u00e9n puede presentar solicitudes de informaci\u00f3n accesible y quejas, como por ejemplo:<\/p>\n\t\n\t<ul>\n\t\t<li>Formular quejas relativas al cumplimiento de los requisitos del RD 1112\/2018<\/li>\n\t\t<li>\n\t\t\tSolicitar informaci\u00f3n relativa a contenidos que est\u00e1n excluidos del \u00e1mbito de aplicaci\u00f3n del\n\t\t\tRD 1112\/2018 seg\u00fan lo establecido por el art\u00edculo 3, apartado 4, o exentos del cumplimiento\n\t\t\tde los requisitos de accesibilidad por imponer una carga desproporcionada. En este caso\n\t\t\tdeber\u00e1 concretar, con toda claridad, los hechos, razones y petici\u00f3n que permitan constatar\n\t\t\tque se trata de una solicitud razonable y leg\u00edtima.\n\t\t<\/li>\n\t<\/ul>\n\t\n\t<p>Para ello puede utilizar los siguientes medios:<\/p>\n\t\n\t<ul>\n\t\t<li>\n\t\t\tPresentar un escrito por cualquiera de los medios establecidos en el art\u00edculo 16.4 de la Ley 39\/2015, de 1 de octubre, del Procedimiento Administrativo Com\u00fan de las Administraciones \n\t\t\tP\u00fablicas. En particular, podr\u00e1 presentarse utilizando certificado electr\u00f3nico a trav\u00e9s del formulario web de Presentaci\u00f3n Electr\u00f3nica General disponible en \n\t\t\t<a href=\"https:\/\/ws094.juntadeandalucia.es\/V_virtual\/SolicitarTicket?v=PEG\">https:\/\/ws094.juntadeandalucia.es\/V_virtual\/SolicitarTicket?v=PEG<\/a>. \n\t\t\tLas personas f\u00edsicas tambi\u00e9n podr\u00e1n presentarlo en cualquier oficina de asistencia en materia de registro. Este escrito deber\u00e1 ir dirigido al IAAP Servicio de Documentaci\u00f3n y Publicaciones, \n\t\t\tConsejer\u00eda de la Presidencia, Administraci\u00f3n P\u00fablica e Interior, Junta de Andaluc\u00eda.\n\t\t<\/li>\t\n\t<\/ul>\n\t\n\t<h3>Procedimiento de aplicaci\u00f3n<\/h3>\n\t\n\t<p>\n\t\tPuede realizar reclamaciones sobre sus solicitudes de informaci\u00f3n accesible o quejas (art\u00edculo 13 del RD 1112\/2018) a trav\u00e9s del \n\t\t<a href=\"https:\/\/www.juntadeandalucia.es\/servicios\/procedimientos\/detalle\/14637\/datos-basicos.html\">Libro de sugerencias y reclamaciones<\/a>\n\t\t, mediante la <a href=\"https:\/\/www.juntadeandalucia.es\/lsr\/lsr\/inicio.jsp\">solicitud en l\u00ednea<\/a> o bien rellenando los \n\t\t<a href=\"https:\/\/www.juntadeandalucia.es\/haciendayadministracionpublica\/rpa-icms-doc\/icmsDescargaDoc.do?tipo=4b40ba71bf0bae77c7a9e6765035191a&#038;id=6c408e43867f920423fa717a2e096d99\">formularios<\/a> \n\t\ty present\u00e1ndolos en los Registros de Documentos, indicando la materia \u00abAccesibilidad de sitio web o aplicaci\u00f3n m\u00f3vil\u00bb.\n\t<\/p>\t\n\t\n<\/body>\n\n<\/html>\n\t\t\t\t\t\t\t\t<\/div>\n\t\t\t\t<\/div>\n\t\t\t\t\t<\/div>\n\t\t<\/div>\n\t\t\t\t\t<\/div>\n\t\t<\/section>\n\t\t\t\t<\/div>\n\t\t","protected":false},"excerpt":{"rendered":"<p>Declaraci\u00f3n de Accesibilidad del sitio web IAAP &#8211; Gesti\u00f3n del Conocimiento Declaraci\u00f3n de Accesibilidad del sitio web IAAP &#8211; Gesti\u00f3n del Conocimiento La Consejer\u00eda de la Presidencia, Administraci\u00f3n P\u00fablica e Interior de la Junta de Andaluc\u00eda se ha comprometido a hacer accesibles sus sitios web y sus aplicaciones para dispositivos m\u00f3viles, de conformidad con el [&hellip;]<\/p>\n","protected":false},"author":1,"featured_media":0,"parent":0,"menu_order":0,"comment_status":"closed","ping_status":"closed","template":"","meta":{"jetpack_post_was_ever_published":false,"footnotes":""},"class_list":["post-4280","page","type-page","status-publish","hentry"],"jetpack_sharing_enabled":true,"jetpack_shortlink":"https:\/\/wp.me\/P9W7Se-172","jetpack-related-posts":[{"id":4154,"url":"https:\/\/ws168.juntadeandalucia.es\/iaap\/gestiondelconocimiento\/edicion-2020-2021\/comunicacion-y-difusion-de-la-gestion-del-conocimiento\/","url_meta":{"origin":4280,"position":0},"title":"COMUNICACI\u00d3N Y DIFUSI\u00d3N DE LA GESTI\u00d3N DEL CONOCIMIENTO","author":"beatrizsanchezgomez","date":"7 diciembre, 2021","format":false,"excerpt":"LO QUE NO SE COMUNICA, NO EXISTE, Y LO QUE NO SE COMPARTE, SE PIERDEEste es el lema de este equipo. El proyecto de Comunicaci\u00f3n y Difusi\u00f3n de la Gesti\u00f3n del Conocimiento lleva ya dos a\u00f1os formando parte del programa Embajadores y Embajadoras del Conocimiento. En esta edici\u00f3n, sus integrantes,\u2026","rel":"","context":"Entrada similar","block_context":{"text":"Entrada similar","link":""},"img":{"alt_text":"","src":"https:\/\/i0.wp.com\/ws168.juntadeandalucia.es\/iaap\/gestiondelconocimiento\/wp-content\/uploads\/sites\/10\/2021\/12\/IMG_9154.jpg?resize=350%2C200&ssl=1","width":350,"height":200,"srcset":"https:\/\/i0.wp.com\/ws168.juntadeandalucia.es\/iaap\/gestiondelconocimiento\/wp-content\/uploads\/sites\/10\/2021\/12\/IMG_9154.jpg?resize=350%2C200&ssl=1 1x, https:\/\/i0.wp.com\/ws168.juntadeandalucia.es\/iaap\/gestiondelconocimiento\/wp-content\/uploads\/sites\/10\/2021\/12\/IMG_9154.jpg?resize=525%2C300&ssl=1 1.5x, https:\/\/i0.wp.com\/ws168.juntadeandalucia.es\/iaap\/gestiondelconocimiento\/wp-content\/uploads\/sites\/10\/2021\/12\/IMG_9154.jpg?resize=700%2C400&ssl=1 2x, https:\/\/i0.wp.com\/ws168.juntadeandalucia.es\/iaap\/gestiondelconocimiento\/wp-content\/uploads\/sites\/10\/2021\/12\/IMG_9154.jpg?resize=1050%2C600&ssl=1 3x, https:\/\/i0.wp.com\/ws168.juntadeandalucia.es\/iaap\/gestiondelconocimiento\/wp-content\/uploads\/sites\/10\/2021\/12\/IMG_9154.jpg?resize=1400%2C800&ssl=1 4x"},"classes":[]},{"id":6733,"url":"https:\/\/ws168.juntadeandalucia.es\/iaap\/gestiondelconocimiento\/","url_meta":{"origin":4280,"position":1},"title":"Te damos la bienvenida al Blog de Gesti\u00f3n del Conocimiento.","author":"administrador","date":"17 febrero, 2025","format":false,"excerpt":"En \u00e9l recogemos todas las vivencias, experiencias y proyectos puestos en marcha en el Programa Embajadores\/as del Conocimiento del Instituto Andaluz de Administraci\u00f3n P\u00fablica.En el apartado Blog te iremos narrando cada etapa del programa y todo lo que vaya aconteciendo.En el apartado Ediciones puedes consultar todos los proyectos realizados en\u2026","rel":"","context":"Entrada similar","block_context":{"text":"Entrada similar","link":""},"img":{"alt_text":"","src":"","width":0,"height":0},"classes":[]},{"id":6178,"url":"https:\/\/ws168.juntadeandalucia.es\/iaap\/gestiondelconocimiento\/edicion-2024\/comunicacion-y-difusion-de-la-gestion-del-conocimiento-2024\/","url_meta":{"origin":4280,"position":2},"title":"Comunicaci\u00f3n y difusi\u00f3n de la Gesti\u00f3n del Conocimiento 2024","author":"administrador","date":"17 octubre, 2024","format":false,"excerpt":"Bajo el lema de \"Lo que no se comunica, no existe\", una edici\u00f3n m\u00e1s el proyecto de Comunicaci\u00f3n y Difusi\u00f3n de la Gesti\u00f3n del Conocimiento ha tenido como objetivo principal divulgar todos los proyectos que se han estado llevando a cabo en esta VII edici\u00f3n del Programa Embajadores\/as del Conocimiento.Cinco\u2026","rel":"","context":"Entrada similar","block_context":{"text":"Entrada similar","link":""},"img":{"alt_text":"","src":"https:\/\/i0.wp.com\/ws168.juntadeandalucia.es\/iaap\/gestiondelconocimiento\/wp-content\/uploads\/sites\/10\/2024\/10\/Ficha-equipo-Comunicacion-y-difusion-de-la-gesttion-del-conocimiento-2024-1536x1086.jpg?resize=350%2C200&ssl=1","width":350,"height":200,"srcset":"https:\/\/i0.wp.com\/ws168.juntadeandalucia.es\/iaap\/gestiondelconocimiento\/wp-content\/uploads\/sites\/10\/2024\/10\/Ficha-equipo-Comunicacion-y-difusion-de-la-gesttion-del-conocimiento-2024-1536x1086.jpg?resize=350%2C200&ssl=1 1x, https:\/\/i0.wp.com\/ws168.juntadeandalucia.es\/iaap\/gestiondelconocimiento\/wp-content\/uploads\/sites\/10\/2024\/10\/Ficha-equipo-Comunicacion-y-difusion-de-la-gesttion-del-conocimiento-2024-1536x1086.jpg?resize=525%2C300&ssl=1 1.5x"},"classes":[]},{"id":3424,"url":"https:\/\/ws168.juntadeandalucia.es\/iaap\/gestiondelconocimiento\/embajadores-del-conocimiento\/metodologia-del-programa\/","url_meta":{"origin":4280,"position":3},"title":"Metodolog\u00eda del Programa","author":"","date":"19 marzo, 2021","format":false,"excerpt":"El programa Embajadoras\/es del Conocimiento desarrolla un conjunto de proyectos, apoyado en un itinerario formativo, con acciones formativas semipresenciales que est\u00e1n dise\u00f1adas para dar vida y acompa\u00f1ar a un ciclo natural de gesti\u00f3n de proyectos:- Taller residencial de lanzamiento de proyectosEn \u00e9l se da una visi\u00f3n global del programa, las\u2026","rel":"","context":"Entrada similar","block_context":{"text":"Entrada similar","link":""},"img":{"alt_text":"","src":"","width":0,"height":0},"classes":[]},{"id":5563,"url":"https:\/\/ws168.juntadeandalucia.es\/iaap\/gestiondelconocimiento\/edicion-2023\/comunicacion-y-difusion-de-la-gestion-del-conocimiento-2023\/","url_meta":{"origin":4280,"position":4},"title":"Comunicaci\u00f3n y difusi\u00f3n de la Gesti\u00f3n del Conocimiento 2023","author":"administrador","date":"11 diciembre, 2023","format":false,"excerpt":"Desde el comienzo de la VI edici\u00f3n del Programa Embajadores\/as del Conocimiento, se marco como objetivo principal hacer llegar el d\u00eda a d\u00eda del programa a todo aquel que estuviese interesado. Esa ha sido la misi\u00f3n del grupo de Comunicaci\u00f3n y difusi\u00f3n de la Gesti\u00f3n del Conocimiento. Lo primero que\u2026","rel":"","context":"Entrada similar","block_context":{"text":"Entrada similar","link":""},"img":{"alt_text":"Comunicaci\u00f3n y difusi\u00f3n","src":"https:\/\/i0.wp.com\/ws168.juntadeandalucia.es\/iaap\/gestiondelconocimiento\/wp-content\/uploads\/sites\/10\/2023\/03\/01_Grupo-Comunicacion_sin-datos-2048x1448.jpg?resize=350%2C200&ssl=1","width":350,"height":200,"srcset":"https:\/\/i0.wp.com\/ws168.juntadeandalucia.es\/iaap\/gestiondelconocimiento\/wp-content\/uploads\/sites\/10\/2023\/03\/01_Grupo-Comunicacion_sin-datos-2048x1448.jpg?resize=350%2C200&ssl=1 1x, https:\/\/i0.wp.com\/ws168.juntadeandalucia.es\/iaap\/gestiondelconocimiento\/wp-content\/uploads\/sites\/10\/2023\/03\/01_Grupo-Comunicacion_sin-datos-2048x1448.jpg?resize=525%2C300&ssl=1 1.5x"},"classes":[]},{"id":6168,"url":"https:\/\/ws168.juntadeandalucia.es\/iaap\/gestiondelconocimiento\/edicion-2024\/croquetas-de-conocimiento-2024\/","url_meta":{"origin":4280,"position":5},"title":"Croquetas de Conocimiento 2024","author":"administrador","date":"8 octubre, 2024","format":false,"excerpt":"Este es el segundo a\u00f1o en el que el proyecto de Croquetas de Conocimiento est\u00e1 incluido en el Programa de Embajadores\/as del Conocimiento.\u00a0En esta edici\u00f3n, y tras la premiada trayectoria de la anterior, se han sumado un total de siete participantes.\u00a0 *** Los puestos de trabajo indicados en la ficha\u2026","rel":"","context":"Entrada similar","block_context":{"text":"Entrada similar","link":""},"img":{"alt_text":"Croquetas de Conocimiento 2024","src":"https:\/\/i0.wp.com\/ws168.juntadeandalucia.es\/iaap\/gestiondelconocimiento\/wp-content\/uploads\/sites\/10\/2024\/10\/Ficha-equipo-Croquetas-de-Conocimiento-2024-1536x1086.jpg?resize=350%2C200&ssl=1","width":350,"height":200,"srcset":"https:\/\/i0.wp.com\/ws168.juntadeandalucia.es\/iaap\/gestiondelconocimiento\/wp-content\/uploads\/sites\/10\/2024\/10\/Ficha-equipo-Croquetas-de-Conocimiento-2024-1536x1086.jpg?resize=350%2C200&ssl=1 1x, https:\/\/i0.wp.com\/ws168.juntadeandalucia.es\/iaap\/gestiondelconocimiento\/wp-content\/uploads\/sites\/10\/2024\/10\/Ficha-equipo-Croquetas-de-Conocimiento-2024-1536x1086.jpg?resize=525%2C300&ssl=1 1.5x"},"classes":[]}],"jetpack_likes_enabled":true,"_links":{"self":[{"href":"https:\/\/ws168.juntadeandalucia.es\/iaap\/gestiondelconocimiento\/wp-json\/wp\/v2\/pages\/4280","targetHints":{"allow":["GET"]}}],"collection":[{"href":"https:\/\/ws168.juntadeandalucia.es\/iaap\/gestiondelconocimiento\/wp-json\/wp\/v2\/pages"}],"about":[{"href":"https:\/\/ws168.juntadeandalucia.es\/iaap\/gestiondelconocimiento\/wp-json\/wp\/v2\/types\/page"}],"author":[{"embeddable":true,"href":"https:\/\/ws168.juntadeandalucia.es\/iaap\/gestiondelconocimiento\/wp-json\/wp\/v2\/users\/1"}],"replies":[{"embeddable":true,"href":"https:\/\/ws168.juntadeandalucia.es\/iaap\/gestiondelconocimiento\/wp-json\/wp\/v2\/comments?post=4280"}],"version-history":[{"count":4,"href":"https:\/\/ws168.juntadeandalucia.es\/iaap\/gestiondelconocimiento\/wp-json\/wp\/v2\/pages\/4280\/revisions"}],"predecessor-version":[{"id":4284,"href":"https:\/\/ws168.juntadeandalucia.es\/iaap\/gestiondelconocimiento\/wp-json\/wp\/v2\/pages\/4280\/revisions\/4284"}],"wp:attachment":[{"href":"https:\/\/ws168.juntadeandalucia.es\/iaap\/gestiondelconocimiento\/wp-json\/wp\/v2\/media?parent=4280"}],"curies":[{"name":"wp","href":"https:\/\/api.w.org\/{rel}","templated":true}]}}