{"id":4663,"date":"2023-02-25T20:26:08","date_gmt":"2023-02-25T19:26:08","guid":{"rendered":"https:\/\/ws168.juntadeandalucia.es\/iaap\/gestiondelconocimiento\/?page_id=4663"},"modified":"2024-02-06T11:09:46","modified_gmt":"2024-02-06T10:09:46","slug":"revista-digital-enred2-0","status":"publish","type":"page","link":"https:\/\/ws168.juntadeandalucia.es\/iaap\/gestiondelconocimiento\/edicion-2022\/revista-digital-enred2-0\/","title":{"rendered":"Revista digital Enred@2.0"},"content":{"rendered":"\t\t<div data-elementor-type=\"wp-page\" data-elementor-id=\"4663\" class=\"elementor elementor-4663\">\n\t\t\t\t\t\t<section class=\"elementor-section elementor-top-section elementor-element elementor-element-ec25c80 elementor-section-boxed elementor-section-height-default elementor-section-height-default\" data-id=\"ec25c80\" data-element_type=\"section\" data-e-type=\"section\">\n\t\t\t\t\t\t<div class=\"elementor-container elementor-column-gap-default\">\n\t\t\t\t\t<div class=\"elementor-column elementor-col-100 elementor-top-column elementor-element elementor-element-e3ee2b2\" data-id=\"e3ee2b2\" data-element_type=\"column\" data-e-type=\"column\">\n\t\t\t<div class=\"elementor-widget-wrap elementor-element-populated\">\n\t\t\t\t\t\t<div class=\"elementor-element elementor-element-94cfa4f elementor-widget elementor-widget-text-editor\" data-id=\"94cfa4f\" data-element_type=\"widget\" data-e-type=\"widget\" data-widget_type=\"text-editor.default\">\n\t\t\t\t<div class=\"elementor-widget-container\">\n\t\t\t\t\t\t\t\t\t<p align=\"justify\">El Consejo Editorial de la revista en esta V edici\u00f3n del programa cont\u00f3 con ocho personas, de las cuales cuatro fueron nuevas en el equipo. Podr\u00edamos decir que la revista es un reflejo de la Junta, de lo que sabemos y lo que somos como empleados p\u00fablicos, si bien no pretendemos ser una caracterizaci\u00f3n de la organizaci\u00f3n. Los tres n\u00fameros publicados, como todos los anteriores, tienen el sello y las inquietudes del consejo editorial.<\/p><p align=\"justify\">Hemos seguido el estilo de los n\u00fameros anteriores, incorporando adem\u00e1s nuevos formatos, como las entrevistas, la vi\u00f1eta gr\u00e1fica, una secci\u00f3n de pasatiempos y poemas sonoros. En la secci\u00f3n estrella de <strong><i>E<\/i><i>ns<\/i><i>\u00e9<\/i><i>\u00f1<\/i><i>anos tu trabajo<\/i><\/strong> se ha utilizado el formato de las entrevistas, lo que permite conocer el trabajo y quien lo realiza de una forma m\u00e1s cercana; tambi\u00e9n hemos tenido interesantes aportaciones sobre la evoluci\u00f3n tecnol\u00f3gica; hemos dado a conocer diferentes personas que desarrollan su trabajo en variados sectores dentro de la administraci\u00f3n p\u00fablica andaluza, como son la sanidad, la educaci\u00f3n, los servicios sociales, gesti\u00f3n de subvenciones y compra p\u00fablica, entre otros.<\/p><p align=\"justify\">La secci\u00f3n <strong><i>ANDALUCIA NATURALmente<\/i><\/strong> se ha convertido en fija en la revista y nos ense\u00f1a en cada n\u00famero un espacio natural de Andaluc\u00eda, complementando la secci\u00f3n <strong><i>Conoce Andaluc\u00eda<\/i><\/strong>.<\/p><p align=\"justify\">En la secci\u00f3n <strong><i>Tecnolog\u00eda <\/i>Pr\u00e1ctica<\/strong>, los art\u00edculos sobre LibreOffice han seguido presentes y su autor sigue compartiendo sus conocimientos aunque ya est\u00e9 jubilado, lo que es una novedad y una oportunidad para seguir contando con el conocimiento y experiencia del personal que no est\u00e1n en servicio activo.<\/p><p align=\"justify\">Los tres n\u00fameros que hemos publicado esta V edici\u00f3n son:<\/p><ul><li><p style=\"text-align: left\" align=\"justify\"><a href=\"https:\/\/ws168.juntadeandalucia.es\/iaap\/revista\/numeros\/no-11-noviembre-2021-abril-2022\/\" target=\"_blank\" rel=\"noopener\"><span lang=\"es-ES\"><b>N\u00famero <\/b><\/span><span lang=\"es-ES\"><b>11 (<\/b><\/span><span lang=\"es-ES\"><b>n<\/b><\/span><span lang=\"es-ES\"><b>oviembre 2021-<\/b><\/span><span lang=\"es-ES\"><b>a<\/b><\/span><span lang=\"es-ES\"><b>bril 2022)<\/b><\/span><\/a><\/p><\/li><li><p style=\"text-align: left\" align=\"justify\"><a href=\"https:\/\/ws168.juntadeandalucia.es\/iaap\/revista\/numeros\/no-12-mayo-2022-junio-2022\/\" target=\"_blank\" rel=\"noopener\"><span lang=\"es-ES\"><b>N\u00famero 1<\/b><\/span><span lang=\"es-ES\"><b>2<\/b><\/span><b> <\/b><span lang=\"es-ES\"><b>(<\/b><\/span><span lang=\"es-ES\"><b>mayo 2022-junio 2022)<\/b><\/span><\/a><\/p><\/li><li><p><a href=\"https:\/\/ws168.juntadeandalucia.es\/iaap\/revista\/\" target=\"_blank\" rel=\"noopener\"><span lang=\"es-ES\"><b>N<\/b><\/span><span lang=\"es-ES\"><b>\u00famero 1<\/b><\/span><span lang=\"es-ES\"><b>3<\/b><\/span><span lang=\"es-ES\"><b> (julio 2022-<\/b><\/span><span lang=\"es-ES\"><b>o<\/b><\/span><span lang=\"es-ES\"><b>ctubre 2022)<\/b><\/span><\/a><\/p><\/li><\/ul><p>Puedes ver en el siguiente v\u00eddeo la presentaci\u00f3n de este grupo en la V Jornada de Gesti\u00f3n del Conocimiento en la Junta de Andaluc\u00eda: <\/p>\t\t\t\t\t\t\t\t<\/div>\n\t\t\t\t<\/div>\n\t\t\t\t\t<\/div>\n\t\t<\/div>\n\t\t\t\t\t<\/div>\n\t\t<\/section>\n\t\t\t\t<section class=\"elementor-section elementor-top-section elementor-element elementor-element-acbec9d elementor-section-boxed elementor-section-height-default elementor-section-height-default\" data-id=\"acbec9d\" data-element_type=\"section\" data-e-type=\"section\">\n\t\t\t\t\t\t<div class=\"elementor-container elementor-column-gap-default\">\n\t\t\t\t\t<div class=\"elementor-column elementor-col-100 elementor-top-column elementor-element elementor-element-686b8c7\" data-id=\"686b8c7\" data-element_type=\"column\" data-e-type=\"column\">\n\t\t\t<div class=\"elementor-widget-wrap elementor-element-populated\">\n\t\t\t\t\t\t<div class=\"elementor-element elementor-element-7c2a09a elementor-widget elementor-widget-video\" data-id=\"7c2a09a\" data-element_type=\"widget\" data-e-type=\"widget\" data-settings=\"{&quot;youtube_url&quot;:&quot;https:\\\/\\\/www.youtube.com\\\/watch?v=4vZ5J5aAPlc&amp;list=PLj-bfbG2QZP4lG2JyZS3ZlfVjQQMMHwjZ&amp;index=7&quot;,&quot;video_type&quot;:&quot;youtube&quot;,&quot;controls&quot;:&quot;yes&quot;}\" data-widget_type=\"video.default\">\n\t\t\t\t<div class=\"elementor-widget-container\">\n\t\t\t\t\t\t\t<div class=\"elementor-wrapper elementor-open-inline\">\n\t\t\t<div class=\"elementor-video\"><\/div>\t\t<\/div>\n\t\t\t\t\t\t<\/div>\n\t\t\t\t<\/div>\n\t\t\t\t\t<\/div>\n\t\t<\/div>\n\t\t\t\t\t<\/div>\n\t\t<\/section>\n\t\t\t\t<\/div>\n\t\t","protected":false},"excerpt":{"rendered":"<p>El Consejo Editorial de la revista en esta V edici\u00f3n del programa cont\u00f3 con ocho personas, de las cuales cuatro fueron nuevas en el equipo. Podr\u00edamos decir que la revista es un reflejo de la Junta, de lo que sabemos y lo que somos como empleados p\u00fablicos, si bien no pretendemos ser una caracterizaci\u00f3n de [&hellip;]<\/p>\n","protected":false},"author":19,"featured_media":0,"parent":4389,"menu_order":1,"comment_status":"closed","ping_status":"closed","template":"","meta":{"jetpack_post_was_ever_published":false,"footnotes":""},"class_list":["post-4663","page","type-page","status-publish","hentry"],"jetpack_sharing_enabled":true,"jetpack_shortlink":"https:\/\/wp.me\/P9W7Se-1dd","jetpack-related-posts":[{"id":5437,"url":"https:\/\/ws168.juntadeandalucia.es\/iaap\/gestiondelconocimiento\/edicion-2023\/revista-enred2-0\/","url_meta":{"origin":4663,"position":0},"title":"Revista Enred@2.0 2023","author":"","date":"11 diciembre, 2023","format":false,"excerpt":"En la VI edici\u00f3n del Programa Embajadores\/as del Conocimiento hemos presenciado la evoluci\u00f3n de nuestra revista a un formato m\u00e1s actual y profesional.\u00a0En nuestro blog te presentamos a los componentes del Comit\u00e9 editorial y te contamos cuales eran sus objetivos en esta edici\u00f3n. Nuevos aires en la revista Enred@2.0 Adem\u00e1s,\u2026","rel":"","context":"Entrada similar","block_context":{"text":"Entrada similar","link":""},"img":{"alt_text":"Revista Enredados","src":"https:\/\/i0.wp.com\/ws168.juntadeandalucia.es\/iaap\/gestiondelconocimiento\/wp-content\/uploads\/sites\/10\/2023\/11\/05_Grupo-Revista-1-2048x1448.jpg?resize=350%2C200&ssl=1","width":350,"height":200,"srcset":"https:\/\/i0.wp.com\/ws168.juntadeandalucia.es\/iaap\/gestiondelconocimiento\/wp-content\/uploads\/sites\/10\/2023\/11\/05_Grupo-Revista-1-2048x1448.jpg?resize=350%2C200&ssl=1 1x, https:\/\/i0.wp.com\/ws168.juntadeandalucia.es\/iaap\/gestiondelconocimiento\/wp-content\/uploads\/sites\/10\/2023\/11\/05_Grupo-Revista-1-2048x1448.jpg?resize=525%2C300&ssl=1 1.5x"},"classes":[]},{"id":6147,"url":"https:\/\/ws168.juntadeandalucia.es\/iaap\/gestiondelconocimiento\/edicion-2024\/revista-enred2-0-2024\/","url_meta":{"origin":4663,"position":1},"title":"Revista Enred@2.0 2024","author":"administrador","date":"8 octubre, 2024","format":false,"excerpt":"Un a\u00f1o m\u00e1s, la revista Enred@2.0 nos ha estado acompa\u00f1ando en el Programa de Embajadores\/as del Conocimiento. En esta edici\u00f3n, han sido un total de ocho participantes los que se han dedicado a buscar potenciales articulistas en todo lo largo y ancho de la Junta de Andaluc\u00eda, seleccionar textos, maquetarlos\u2026","rel":"","context":"Entrada similar","block_context":{"text":"Entrada similar","link":""},"img":{"alt_text":"Equipo revista Enred@2.0 2024","src":"https:\/\/i0.wp.com\/ws168.juntadeandalucia.es\/iaap\/gestiondelconocimiento\/wp-content\/uploads\/sites\/10\/2024\/10\/Ficha-equipo-Revista-Embajadores-2024-1536x1086.jpg?resize=350%2C200&ssl=1","width":350,"height":200,"srcset":"https:\/\/i0.wp.com\/ws168.juntadeandalucia.es\/iaap\/gestiondelconocimiento\/wp-content\/uploads\/sites\/10\/2024\/10\/Ficha-equipo-Revista-Embajadores-2024-1536x1086.jpg?resize=350%2C200&ssl=1 1x, https:\/\/i0.wp.com\/ws168.juntadeandalucia.es\/iaap\/gestiondelconocimiento\/wp-content\/uploads\/sites\/10\/2024\/10\/Ficha-equipo-Revista-Embajadores-2024-1536x1086.jpg?resize=525%2C300&ssl=1 1.5x"},"classes":[]},{"id":2046,"url":"https:\/\/ws168.juntadeandalucia.es\/iaap\/gestiondelconocimiento\/proyectos\/edicion-2019-2020-edicion-2019-2020\/gc02-revista-digital\/","url_meta":{"origin":4663,"position":2},"title":"GC02 &#8211; Revista digital (2019-20)","author":"beatrizsanchezgomez","date":"23 febrero, 2020","format":false,"excerpt":"DESCRIPCI\u00d3N: EnRed@2.0 es una publicaci\u00f3n digital elaborada por el personal de la Junta de Andaluc\u00eda. Esta Revista\u00a0es un instrumento para la puesta en valor del conocimiento y experiencia adquiridos y desarrollados en el sector p\u00fablico andaluz. Por consiguiente, canaliza y difunde el esp\u00edritu creativo e innovador de las empleadas y\u2026","rel":"","context":"Entrada similar","block_context":{"text":"Entrada similar","link":""},"img":{"alt_text":"","src":"https:\/\/i0.wp.com\/ws168.juntadeandalucia.es\/iaap\/gestiondelconocimiento\/wp-content\/uploads\/sites\/10\/2018\/06\/GC02_logo.png?resize=350%2C200&ssl=1","width":350,"height":200,"srcset":"https:\/\/i0.wp.com\/ws168.juntadeandalucia.es\/iaap\/gestiondelconocimiento\/wp-content\/uploads\/sites\/10\/2018\/06\/GC02_logo.png?resize=350%2C200&ssl=1 1x, https:\/\/i0.wp.com\/ws168.juntadeandalucia.es\/iaap\/gestiondelconocimiento\/wp-content\/uploads\/sites\/10\/2018\/06\/GC02_logo.png?resize=525%2C300&ssl=1 1.5x"},"classes":[]},{"id":948,"url":"https:\/\/ws168.juntadeandalucia.es\/iaap\/gestiondelconocimiento\/guia-abierta\/que-hacer-con-el-producto\/","url_meta":{"origin":4663,"position":3},"title":"Punto 7. \u00bfQu\u00e9 hacer con el producto?","author":"","date":"11 agosto, 2019","format":false,"excerpt":"La difusi\u00f3n del producto Bien, ya hemos conseguido un producto final que se acerca razonablemente a lo que ten\u00edamos en mente al comenzar el proyecto de gesti\u00f3n del conocimiento. Adem\u00e1s, hemos podido testar que su funcionamiento se asemeja bastante al que esperamos, en t\u00e9rminos de constituir una soluci\u00f3n al problema\u2026","rel":"","context":"Entrada similar","block_context":{"text":"Entrada similar","link":""},"img":{"alt_text":"","src":"https:\/\/i0.wp.com\/ws168.juntadeandalucia.es\/iaap\/gestiondelconocimiento\/wp-content\/uploads\/sites\/10\/2019\/08\/email-3249062_1280.png?resize=350%2C200&ssl=1","width":350,"height":200,"srcset":"https:\/\/i0.wp.com\/ws168.juntadeandalucia.es\/iaap\/gestiondelconocimiento\/wp-content\/uploads\/sites\/10\/2019\/08\/email-3249062_1280.png?resize=350%2C200&ssl=1 1x, https:\/\/i0.wp.com\/ws168.juntadeandalucia.es\/iaap\/gestiondelconocimiento\/wp-content\/uploads\/sites\/10\/2019\/08\/email-3249062_1280.png?resize=525%2C300&ssl=1 1.5x, https:\/\/i0.wp.com\/ws168.juntadeandalucia.es\/iaap\/gestiondelconocimiento\/wp-content\/uploads\/sites\/10\/2019\/08\/email-3249062_1280.png?resize=700%2C400&ssl=1 2x, https:\/\/i0.wp.com\/ws168.juntadeandalucia.es\/iaap\/gestiondelconocimiento\/wp-content\/uploads\/sites\/10\/2019\/08\/email-3249062_1280.png?resize=1050%2C600&ssl=1 3x"},"classes":[]},{"id":157,"url":"https:\/\/ws168.juntadeandalucia.es\/iaap\/gestiondelconocimiento\/proyectos\/","url_meta":{"origin":4663,"position":4},"title":"Ediciones","author":"","date":"21 mayo, 2018","format":false,"excerpt":"Gesti\u00f3n del Conocimiento s\u00ed, pero, \u00bfpara qu\u00e9?En 2017 se inicia la andadura en la disciplina de Gesti\u00f3n del Conocimiento en el IAAP, fijando un marco de referencia de base en el que se identificaron una serie de retos y problemas en la Junta de Andaluc\u00eda, que pod\u00edan ser atendidos con\u2026","rel":"","context":"Entrada similar","block_context":{"text":"Entrada similar","link":""},"img":{"alt_text":"","src":"https:\/\/i0.wp.com\/ws168.juntadeandalucia.es\/iaap\/gestiondelconocimiento\/wp-content\/uploads\/sites\/10\/2020\/02\/human-3131802_1280-300x208.jpg?resize=350%2C200&ssl=1","width":350,"height":200},"classes":[]},{"id":4119,"url":"https:\/\/ws168.juntadeandalucia.es\/iaap\/gestiondelconocimiento\/edicion-2020-2021\/revista-enredados\/","url_meta":{"origin":4663,"position":5},"title":"REVISTA ENREDADOS","author":"beatrizsanchezgomez","date":"29 noviembre, 2021","format":false,"excerpt":"LA TUYA, LA M\u00cdA, LA NUESTRALa revista EnRed@2.0 es el proyecto m\u00e1s veterano y consolidado de gesti\u00f3n del conocimiento. Este proyecto lleva desarroll\u00e1ndose desde la primera edici\u00f3n del programa Embajadores y Embajadoras del conocimiento en la Junta de Andaluc\u00eda y ya son 10 los n\u00fameros publicados.\u00a0En el siguiente video puedes\u2026","rel":"","context":"Entrada similar","block_context":{"text":"Entrada similar","link":""},"img":{"alt_text":"","src":"","width":0,"height":0},"classes":[]}],"jetpack_likes_enabled":true,"_links":{"self":[{"href":"https:\/\/ws168.juntadeandalucia.es\/iaap\/gestiondelconocimiento\/wp-json\/wp\/v2\/pages\/4663","targetHints":{"allow":["GET"]}}],"collection":[{"href":"https:\/\/ws168.juntadeandalucia.es\/iaap\/gestiondelconocimiento\/wp-json\/wp\/v2\/pages"}],"about":[{"href":"https:\/\/ws168.juntadeandalucia.es\/iaap\/gestiondelconocimiento\/wp-json\/wp\/v2\/types\/page"}],"author":[{"embeddable":true,"href":"https:\/\/ws168.juntadeandalucia.es\/iaap\/gestiondelconocimiento\/wp-json\/wp\/v2\/users\/19"}],"replies":[{"embeddable":true,"href":"https:\/\/ws168.juntadeandalucia.es\/iaap\/gestiondelconocimiento\/wp-json\/wp\/v2\/comments?post=4663"}],"version-history":[{"count":46,"href":"https:\/\/ws168.juntadeandalucia.es\/iaap\/gestiondelconocimiento\/wp-json\/wp\/v2\/pages\/4663\/revisions"}],"predecessor-version":[{"id":4836,"href":"https:\/\/ws168.juntadeandalucia.es\/iaap\/gestiondelconocimiento\/wp-json\/wp\/v2\/pages\/4663\/revisions\/4836"}],"up":[{"embeddable":true,"href":"https:\/\/ws168.juntadeandalucia.es\/iaap\/gestiondelconocimiento\/wp-json\/wp\/v2\/pages\/4389"}],"wp:attachment":[{"href":"https:\/\/ws168.juntadeandalucia.es\/iaap\/gestiondelconocimiento\/wp-json\/wp\/v2\/media?parent=4663"}],"curies":[{"name":"wp","href":"https:\/\/api.w.org\/{rel}","templated":true}]}}