{"id":6733,"date":"2025-02-17T10:14:26","date_gmt":"2025-02-17T09:14:26","guid":{"rendered":"https:\/\/ws168.juntadeandalucia.es\/iaap\/gestiondelconocimiento\/?page_id=6733"},"modified":"2025-06-03T13:06:36","modified_gmt":"2025-06-03T12:06:36","slug":"te-damos-la-bienvenida-al-blog-de-gestion-del-conocimiento","status":"publish","type":"page","link":"https:\/\/ws168.juntadeandalucia.es\/iaap\/gestiondelconocimiento\/","title":{"rendered":"Te damos la bienvenida al Blog de Gesti\u00f3n del Conocimiento."},"content":{"rendered":"\t\t<div data-elementor-type=\"wp-page\" data-elementor-id=\"6733\" class=\"elementor elementor-6733\">\n\t\t\t\t\t\t<section class=\"elementor-section elementor-top-section elementor-element elementor-element-f3a6b17 elementor-section-boxed elementor-section-height-default elementor-section-height-default\" data-id=\"f3a6b17\" data-element_type=\"section\" data-e-type=\"section\">\n\t\t\t\t\t\t<div class=\"elementor-container elementor-column-gap-default\">\n\t\t\t\t\t<div class=\"elementor-column elementor-col-100 elementor-top-column elementor-element elementor-element-2529dc1\" data-id=\"2529dc1\" data-element_type=\"column\" data-e-type=\"column\">\n\t\t\t<div class=\"elementor-widget-wrap elementor-element-populated\">\n\t\t\t\t\t\t<div class=\"elementor-element elementor-element-55b951a elementor-widget elementor-widget-text-editor\" data-id=\"55b951a\" data-element_type=\"widget\" data-e-type=\"widget\" data-widget_type=\"text-editor.default\">\n\t\t\t\t<div class=\"elementor-widget-container\">\n\t\t\t\t\t\t\t\t\t<p style=\"text-align: justify\"><span style=\"font-size: 12pt\">En \u00e9l recogemos todas las vivencias, experiencias y proyectos puestos en marcha en el Programa Embajadores\/as del Conocimiento del <a href=\"https:\/\/juntadeandalucia.es\/organismos\/iaap\/areas\/gestion-conocimiento.html\" target=\"_blank\" rel=\"noopener\">Instituto Andaluz de Administraci\u00f3n P\u00fablica<\/a>.<\/span><\/p><p style=\"text-align: justify\"><span style=\"font-size: 12pt\">En el apartado Blog te iremos narrando cada etapa del programa y todo lo que vaya aconteciendo.<\/span><\/p><p style=\"text-align: justify\"><span style=\"font-size: 12pt\">En el apartado Ediciones puedes consultar todos los proyectos realizados en cada edici\u00f3n y en Productos te mostramos nuestros \u201cproductos estrella\u201d como son la Metodolog\u00eda TRANSFER, los Encuentros Intergeneracionales y los Mapas de Conocimiento Cr\u00edtico.<\/span><\/p><p style=\"text-align: justify\"><span style=\"font-size: 12pt\">Esta web es mantenida, en gran parte, por el grupo de trabajo del proyecto Comunicaci\u00f3n y Difusi\u00f3n de la Gesti\u00f3n del Conocimiento.<\/span><\/p>\t\t\t\t\t\t\t\t<\/div>\n\t\t\t\t<\/div>\n\t\t\t\t\t<\/div>\n\t\t<\/div>\n\t\t\t\t\t<\/div>\n\t\t<\/section>\n\t\t\t\t<\/div>\n\t\t","protected":false},"excerpt":{"rendered":"<p>En \u00e9l recogemos todas las vivencias, experiencias y proyectos puestos en marcha en el Programa Embajadores\/as del Conocimiento del Instituto Andaluz de Administraci\u00f3n P\u00fablica. En el apartado Blog te iremos narrando cada etapa del programa y todo lo que vaya aconteciendo. En el apartado Ediciones puedes consultar todos los proyectos realizados en cada edici\u00f3n y [&hellip;]<\/p>\n","protected":false},"author":1,"featured_media":0,"parent":0,"menu_order":0,"comment_status":"closed","ping_status":"closed","template":"","meta":{"jetpack_post_was_ever_published":false,"footnotes":""},"class_list":["post-6733","page","type-page","status-publish","hentry"],"jetpack_sharing_enabled":true,"jetpack_shortlink":"https:\/\/wp.me\/P9W7Se-1KB","jetpack-related-posts":[{"id":3424,"url":"https:\/\/ws168.juntadeandalucia.es\/iaap\/gestiondelconocimiento\/embajadores-del-conocimiento\/metodologia-del-programa\/","url_meta":{"origin":6733,"position":0},"title":"Metodolog\u00eda del Programa","author":"","date":"19 marzo, 2021","format":false,"excerpt":"El programa Embajadoras\/es del Conocimiento desarrolla un conjunto de proyectos, apoyado en un itinerario formativo, con acciones formativas semipresenciales que est\u00e1n dise\u00f1adas para dar vida y acompa\u00f1ar a un ciclo natural de gesti\u00f3n de proyectos:- Taller residencial de lanzamiento de proyectosEn \u00e9l se da una visi\u00f3n global del programa, las\u2026","rel":"","context":"Entrada similar","block_context":{"text":"Entrada similar","link":""},"img":{"alt_text":"","src":"","width":0,"height":0},"classes":[]},{"id":1908,"url":"https:\/\/ws168.juntadeandalucia.es\/iaap\/gestiondelconocimiento\/proyectos\/edicion-2019-2020-edicion-2019-2020\/gc10-comunicacion-y-difusion-de-la-gestion-del-conocimiento\/","url_meta":{"origin":6733,"position":1},"title":"GC10 &#8211; Comunicaci\u00f3n y difusi\u00f3n de la Gesti\u00f3n del Conocimiento (2019-20)","author":"beatrizsanchezgomez","date":"17 febrero, 2020","format":false,"excerpt":"DESCRIPCI\u00d3N Este proyecto surge en la tercera edici\u00f3n del programa. Se trata de un proyecto concebido para difundir la disciplina de la Gesti\u00f3n del Conocimiento entre las personas que trabajan en la Junta de Andaluc\u00eda. \u00a0OBJETIVOS: \u2022\u00a0 Descubrir las tendencias en la disciplina de Gesti\u00f3n del Conocimiento a nivel nacional\u2026","rel":"","context":"Entrada similar","block_context":{"text":"Entrada similar","link":""},"img":{"alt_text":"Equipo GC10","src":"https:\/\/i0.wp.com\/ws168.juntadeandalucia.es\/iaap\/gestiondelconocimiento\/wp-content\/uploads\/sites\/10\/2020\/01\/Comunicaci%C3%B3n.jpg?resize=350%2C200&ssl=1","width":350,"height":200},"classes":[]},{"id":7219,"url":"https:\/\/ws168.juntadeandalucia.es\/iaap\/gestiondelconocimiento\/comunicacion-y-difusion-de-la-gestion-del-conocimiento-2025\/","url_meta":{"origin":6733,"position":2},"title":"Comunicaci\u00f3n y difusi\u00f3n de la gesti\u00f3n del conocimiento 2025","author":"administrador","date":"14 octubre, 2025","format":false,"excerpt":"En la octava edici\u00f3n del Programa Embajadores\/as del Conocimiento, el grupo de Comunicaci\u00f3n y difusi\u00f3n se marc\u00f3 como objetivos principales elaborar materiales que aportasen en el desarrollo de la Gesti\u00f3n del Conocimiento en la Junta de Andaluc\u00eda y herramientas de difusi\u00f3n de f\u00e1cil transmisi\u00f3n y propagaci\u00f3n por multitud de medios\u2026","rel":"","context":"Entrada similar","block_context":{"text":"Entrada similar","link":""},"img":{"alt_text":"","src":"https:\/\/i0.wp.com\/ws168.juntadeandalucia.es\/iaap\/gestiondelconocimiento\/wp-content\/uploads\/sites\/10\/2025\/10\/2025-Ficha-equipo-Comunicacion-y-difusion-de-la-gestion-del-conocimiento-1536x1086.jpg?resize=350%2C200&ssl=1","width":350,"height":200,"srcset":"https:\/\/i0.wp.com\/ws168.juntadeandalucia.es\/iaap\/gestiondelconocimiento\/wp-content\/uploads\/sites\/10\/2025\/10\/2025-Ficha-equipo-Comunicacion-y-difusion-de-la-gestion-del-conocimiento-1536x1086.jpg?resize=350%2C200&ssl=1 1x, https:\/\/i0.wp.com\/ws168.juntadeandalucia.es\/iaap\/gestiondelconocimiento\/wp-content\/uploads\/sites\/10\/2025\/10\/2025-Ficha-equipo-Comunicacion-y-difusion-de-la-gestion-del-conocimiento-1536x1086.jpg?resize=525%2C300&ssl=1 1.5x"},"classes":[]},{"id":157,"url":"https:\/\/ws168.juntadeandalucia.es\/iaap\/gestiondelconocimiento\/proyectos\/","url_meta":{"origin":6733,"position":3},"title":"Ediciones","author":"","date":"21 mayo, 2018","format":false,"excerpt":"Gesti\u00f3n del Conocimiento s\u00ed, pero, \u00bfpara qu\u00e9?En 2017 se inicia la andadura en la disciplina de Gesti\u00f3n del Conocimiento en el IAAP, fijando un marco de referencia de base en el que se identificaron una serie de retos y problemas en la Junta de Andaluc\u00eda, que pod\u00edan ser atendidos con\u2026","rel":"","context":"Entrada similar","block_context":{"text":"Entrada similar","link":""},"img":{"alt_text":"","src":"https:\/\/i0.wp.com\/ws168.juntadeandalucia.es\/iaap\/gestiondelconocimiento\/wp-content\/uploads\/sites\/10\/2020\/02\/human-3131802_1280-300x208.jpg?resize=350%2C200&ssl=1","width":350,"height":200},"classes":[]},{"id":940,"url":"https:\/\/ws168.juntadeandalucia.es\/iaap\/gestiondelconocimiento\/guia-abierta\/cuestiones-previas\/","url_meta":{"origin":6733,"position":4},"title":"Punto 3. Cuestiones previas","author":"","date":"21 mayo, 2019","format":false,"excerpt":"\u00bfQu\u00e9 hacer antes? Como en cualquier proyecto que pienses llevar a cabo, existen una serie de cuestiones previas que te ayudar\u00e1n a desarrollarlo.\u00a0Piensa en tu proyecto como un recorrido en el que te debas plantear de d\u00f3nde partes, a d\u00f3nde quieres llegar y cu\u00e1l va a ser el camino a\u2026","rel":"","context":"Entrada similar","block_context":{"text":"Entrada similar","link":""},"img":{"alt_text":"","src":"https:\/\/i0.wp.com\/ws168.juntadeandalucia.es\/iaap\/gestiondelconocimiento\/wp-content\/uploads\/sites\/10\/2019\/08\/bulletin-board-2771786_1920.jpg?resize=350%2C200&ssl=1","width":350,"height":200,"srcset":"https:\/\/i0.wp.com\/ws168.juntadeandalucia.es\/iaap\/gestiondelconocimiento\/wp-content\/uploads\/sites\/10\/2019\/08\/bulletin-board-2771786_1920.jpg?resize=350%2C200&ssl=1 1x, https:\/\/i0.wp.com\/ws168.juntadeandalucia.es\/iaap\/gestiondelconocimiento\/wp-content\/uploads\/sites\/10\/2019\/08\/bulletin-board-2771786_1920.jpg?resize=525%2C300&ssl=1 1.5x, https:\/\/i0.wp.com\/ws168.juntadeandalucia.es\/iaap\/gestiondelconocimiento\/wp-content\/uploads\/sites\/10\/2019\/08\/bulletin-board-2771786_1920.jpg?resize=700%2C400&ssl=1 2x, https:\/\/i0.wp.com\/ws168.juntadeandalucia.es\/iaap\/gestiondelconocimiento\/wp-content\/uploads\/sites\/10\/2019\/08\/bulletin-board-2771786_1920.jpg?resize=1050%2C600&ssl=1 3x, https:\/\/i0.wp.com\/ws168.juntadeandalucia.es\/iaap\/gestiondelconocimiento\/wp-content\/uploads\/sites\/10\/2019\/08\/bulletin-board-2771786_1920.jpg?resize=1400%2C800&ssl=1 4x"},"classes":[]},{"id":936,"url":"https:\/\/ws168.juntadeandalucia.es\/iaap\/gestiondelconocimiento\/guia-abierta\/por-que-y-para-que-la-gestion-del-conocimiento\/","url_meta":{"origin":6733,"position":5},"title":"Punto 1. \u00bfPor qu\u00e9 y para qu\u00e9 la Gesti\u00f3n del Conocimiento?","author":"","date":"21 mayo, 2019","format":false,"excerpt":"Concepto y finalidad \u00bfY qu\u00e9 es esto de la Gesti\u00f3n del Conocimiento?. Nuestra sociedad actual se define como la Sociedad del Conocimiento, superando ya la etapa de la sociedad de la informaci\u00f3n. O sociedad de la desinformaci\u00f3n. Pues a pesar\u00a0 de estar en el momento de la historia con acceso\u2026","rel":"","context":"Entrada similar","block_context":{"text":"Entrada similar","link":""},"img":{"alt_text":"","src":"https:\/\/i0.wp.com\/ws168.juntadeandalucia.es\/iaap\/gestiondelconocimiento\/wp-content\/uploads\/sites\/10\/2019\/08\/board-1273128_1920.jpg?resize=350%2C200&ssl=1","width":350,"height":200,"srcset":"https:\/\/i0.wp.com\/ws168.juntadeandalucia.es\/iaap\/gestiondelconocimiento\/wp-content\/uploads\/sites\/10\/2019\/08\/board-1273128_1920.jpg?resize=350%2C200&ssl=1 1x, https:\/\/i0.wp.com\/ws168.juntadeandalucia.es\/iaap\/gestiondelconocimiento\/wp-content\/uploads\/sites\/10\/2019\/08\/board-1273128_1920.jpg?resize=525%2C300&ssl=1 1.5x, https:\/\/i0.wp.com\/ws168.juntadeandalucia.es\/iaap\/gestiondelconocimiento\/wp-content\/uploads\/sites\/10\/2019\/08\/board-1273128_1920.jpg?resize=700%2C400&ssl=1 2x, https:\/\/i0.wp.com\/ws168.juntadeandalucia.es\/iaap\/gestiondelconocimiento\/wp-content\/uploads\/sites\/10\/2019\/08\/board-1273128_1920.jpg?resize=1050%2C600&ssl=1 3x, https:\/\/i0.wp.com\/ws168.juntadeandalucia.es\/iaap\/gestiondelconocimiento\/wp-content\/uploads\/sites\/10\/2019\/08\/board-1273128_1920.jpg?resize=1400%2C800&ssl=1 4x"},"classes":[]}],"jetpack_likes_enabled":true,"_links":{"self":[{"href":"https:\/\/ws168.juntadeandalucia.es\/iaap\/gestiondelconocimiento\/wp-json\/wp\/v2\/pages\/6733","targetHints":{"allow":["GET"]}}],"collection":[{"href":"https:\/\/ws168.juntadeandalucia.es\/iaap\/gestiondelconocimiento\/wp-json\/wp\/v2\/pages"}],"about":[{"href":"https:\/\/ws168.juntadeandalucia.es\/iaap\/gestiondelconocimiento\/wp-json\/wp\/v2\/types\/page"}],"author":[{"embeddable":true,"href":"https:\/\/ws168.juntadeandalucia.es\/iaap\/gestiondelconocimiento\/wp-json\/wp\/v2\/users\/1"}],"replies":[{"embeddable":true,"href":"https:\/\/ws168.juntadeandalucia.es\/iaap\/gestiondelconocimiento\/wp-json\/wp\/v2\/comments?post=6733"}],"version-history":[{"count":18,"href":"https:\/\/ws168.juntadeandalucia.es\/iaap\/gestiondelconocimiento\/wp-json\/wp\/v2\/pages\/6733\/revisions"}],"predecessor-version":[{"id":6957,"href":"https:\/\/ws168.juntadeandalucia.es\/iaap\/gestiondelconocimiento\/wp-json\/wp\/v2\/pages\/6733\/revisions\/6957"}],"wp:attachment":[{"href":"https:\/\/ws168.juntadeandalucia.es\/iaap\/gestiondelconocimiento\/wp-json\/wp\/v2\/media?parent=6733"}],"curies":[{"name":"wp","href":"https:\/\/api.w.org\/{rel}","templated":true}]}}

Te damos la bienvenida al Blog de Gestión del Conocimiento.

<div data-elementor-type="wp-page" data-elementor-id="6733" class="elementor elementor-6733">
						<section class="elementor-section elementor-top-section elementor-element elementor-element-f3a6b17 elementor-section-boxed elementor-section-height-default elementor-section-height-default" data-id="f3a6b17" data-element_type="section" data-e-type="section">
						<div class="elementor-container elementor-column-gap-default">
					<div class="elementor-column elementor-col-100 elementor-top-column elementor-element elementor-element-2529dc1" data-id="2529dc1" data-element_type="column" data-e-type="column">
			<div class="elementor-widget-wrap elementor-element-populated">
						<div class="elementor-element elementor-element-55b951a elementor-widget elementor-widget-text-editor" data-id="55b951a" data-element_type="widget" data-e-type="widget" data-widget_type="text-editor.default">
				<div class="elementor-widget-container">
									<p style="text-align: justify"><span style="font-size: 12pt">En él recogemos todas las vivencias, experiencias y proyectos puestos en marcha en el Programa Embajadores/as del Conocimiento del <a href="https://juntadeandalucia.es/organismos/iaap/areas/gestion-conocimiento.html" target="_blank" rel="noopener">Instituto Andaluz de Administración Pública</a>.</span></p><p style="text-align: justify"><span style="font-size: 12pt">En el apartado Blog te iremos narrando cada etapa del programa y todo lo que vaya aconteciendo.</span></p><p style="text-align: justify"><span style="font-size: 12pt">En el apartado Ediciones puedes consultar todos los proyectos realizados en cada edición y en Productos te mostramos nuestros “productos estrella” como son la Metodología TRANSFER, los Encuentros Intergeneracionales y los Mapas de Conocimiento Crítico.</span></p><p style="text-align: justify"><span style="font-size: 12pt">Esta web es mantenida, en gran parte, por el grupo de trabajo del proyecto Comunicación y Difusión de la Gestión del Conocimiento.</span></p>								</div>
				</div>
					</div>
		</div>
					</div>
		</section>
				</div>

<p>En él recogemos todas las vivencias, experiencias y proyectos puestos en marcha en el Programa Embajadores/as del Conocimiento del Instituto Andaluz de Administración Pública. En el apartado Blog te iremos narrando cada etapa del programa y todo lo que vaya aconteciendo. En el apartado Ediciones puedes consultar todos los proyectos realizados en cada edición y [&hellip;]</p>

Metodología del Programa

El programa Embajadoras/es del Conocimiento desarrolla un conjunto de proyectos, apoyado en un itinerario formativo, con acciones formativas semipresenciales que están diseñadas para dar vida y acompañar a un ciclo natural de gestión de proyectos:- Taller residencial de lanzamiento de proyectosEn él se da una visión global del programa, las…

GC10 &#8211; Comunicación y difusión de la Gestión del Conocimiento (2019-20)

DESCRIPCIÓN Este proyecto surge en la tercera edición del programa. Se trata de un proyecto concebido para difundir la disciplina de la Gestión del Conocimiento entre las personas que trabajan en la Junta de Andalucía.  OBJETIVOS: •  Descubrir las tendencias en la disciplina de Gestión del Conocimiento a nivel nacional…

Comunicación y difusión de la gestión del conocimiento 2025

En la octava edición del Programa Embajadores/as del Conocimiento, el grupo de Comunicación y difusión se marcó como objetivos principales elaborar materiales que aportasen en el desarrollo de la Gestión del Conocimiento en la Junta de Andalucía y herramientas de difusión de fácil transmisión y propagación por multitud de medios…

Gestión del Conocimiento sí, pero, ¿para qué?En 2017 se inicia la andadura en la disciplina de Gestión del Conocimiento en el IAAP, fijando un marco de referencia de base en el que se identificaron una serie de retos y problemas en la Junta de Andalucía, que podían ser atendidos con…

¿Qué hacer antes? Como en cualquier proyecto que pienses llevar a cabo, existen una serie de cuestiones previas que te ayudarán a desarrollarlo. Piensa en tu proyecto como un recorrido en el que te debas plantear de dónde partes, a dónde quieres llegar y cuál va a ser el camino a…

Punto 1. ¿Por qué y para qué la Gestión del Conocimiento?

Concepto y finalidad ¿Y qué es esto de la Gestión del Conocimiento?. Nuestra sociedad actual se define como la Sociedad del Conocimiento, superando ya la etapa de la sociedad de la información. O sociedad de la desinformación. Pues a pesar  de estar en el momento de la historia con acceso…
